CRAN Package Check Results for Package ProfoundData

Last updated on 2024-07-22 16:57:22 CEST.

Flavor Version Tinstall Tcheck Ttotal Status Flags
r-devel-linux-x86_64-debian-clang 0.2.1 10.57 72.36 82.93 NOTE
r-devel-linux-x86_64-debian-gcc 0.2.1 6.80 54.64 61.44 NOTE
r-devel-linux-x86_64-fedora-clang 0.2.1 100.41 NOTE
r-devel-linux-x86_64-fedora-gcc 0.2.1 118.05 NOTE
r-devel-windows-x86_64 0.2.1 10.00 72.00 82.00 NOTE
r-patched-linux-x86_64 0.2.1 13.73 69.33 83.06 NOTE
r-release-linux-x86_64 0.2.1 7.11 68.91 76.02 NOTE
r-release-macos-arm64 0.2.1 38.00 NOTE
r-release-macos-x86_64 0.2.1 66.00 NOTE
r-release-windows-x86_64 0.2.1 8.00 70.00 78.00 NOTE
r-oldrel-macos-arm64 0.2.1 38.00 NOTE
r-oldrel-macos-x86_64 0.2.1 58.00 NOTE
r-oldrel-windows-x86_64 0.2.1 11.00 81.00 92.00 NOTE

Check Details

Version: 0.2.1
Check: LazyData
Result: NOTE 'LazyData' is specified without a 'data' directory Flavors: r-devel-linux-x86_64-debian-clang, r-devel-linux-x86_64-debian-gcc, r-devel-linux-x86_64-fedora-clang, r-devel-linux-x86_64-fedora-gcc, r-devel-windows-x86_64, r-patched-linux-x86_64, r-release-linux-x86_64, r-release-macos-arm64, r-release-macos-x86_64, r-release-windows-x86_64, r-oldrel-macos-arm64, r-oldrel-macos-x86_64, r-oldrel-windows-x86_64

Version: 0.2.1
Check: Rd cross-references
Result: NOTE Found the following Rd file(s) with Rd \link{} targets missing package anchors: plotData.Rd: zoo Please provide package anchors for all Rd \link{} targets not in the package itself and the base packages. Flavors: r-devel-linux-x86_64-debian-gcc, r-devel-windows-x86_64