CRAN Package Check Results for Package PointedSDMs

Last updated on 2024-07-20 04:48:40 CEST.

Flavor Version Tinstall Tcheck Ttotal Status Flags
r-devel-linux-x86_64-debian-clang 2.1.0 60.27 461.85 522.12 NOTE
r-devel-linux-x86_64-debian-gcc 2.1.0 41.22 330.40 371.62 NOTE
r-devel-linux-x86_64-fedora-clang 2.1.0 636.89 OK
r-devel-linux-x86_64-fedora-gcc 2.1.0 604.51 OK
r-devel-windows-x86_64 2.1.0 41.00 288.00 329.00 OK
r-patched-linux-x86_64 2.1.0 48.54 432.94 481.48 NOTE
r-release-linux-x86_64 2.1.0 33.07 440.07 473.14 NOTE
r-release-macos-arm64 2.1.0 160.00 NOTE
r-release-macos-x86_64 2.1.0 475.00 NOTE
r-release-windows-x86_64 2.1.0 40.00 287.00 327.00 OK
r-oldrel-macos-arm64 2.1.0 210.00 WARN
r-oldrel-macos-x86_64 2.1.0 387.00 WARN
r-oldrel-windows-x86_64 2.1.0 58.00 378.00 436.00 NOTE

Check Details

Version: 2.1.0
Check: package dependencies
Result: NOTE Package suggested but not available for checking: ‘INLA’ Flavors: r-devel-linux-x86_64-debian-clang, r-devel-linux-x86_64-debian-gcc, r-patched-linux-x86_64, r-release-linux-x86_64, r-release-macos-arm64, r-release-macos-x86_64, r-oldrel-macos-arm64, r-oldrel-macos-x86_64, r-oldrel-windows-x86_64

Version: 2.1.0
Check: Rd cross-references
Result: NOTE Package unavailable to check Rd xrefs: ‘INLA’ Flavors: r-devel-linux-x86_64-debian-clang, r-devel-linux-x86_64-debian-gcc, r-patched-linux-x86_64, r-release-linux-x86_64, r-release-macos-arm64, r-release-macos-x86_64, r-oldrel-macos-arm64, r-oldrel-macos-x86_64, r-oldrel-windows-x86_64

Version: 2.1.0
Check: running R code from vignettes
Result: WARN Errors in running code in vignettes: when running code in ‘Marked_Point_Process.Rmd’ ... > library(ggplot2) > library(inlabru) > library(INLA) When sourcing ‘Marked_Point_Process.R’: Error: there is no package called ‘INLA’ Execution halted when running code in ‘Setophaga.Rmd’ ... > args(datasetOut) function (model, dataset, predictions = TRUE) NULL > library(INLA) When sourcing ‘Setophaga.R’: Error: there is no package called ‘INLA’ Execution halted when running code in ‘Solitary_tinamou.Rmd’ ... terra 1.7.78 > library(ggpolypath) Loading required package: ggplot2 > library(INLA) When sourcing ‘Solitary_tinamou.R’: Error: there is no package called ‘INLA’ Execution halted when running code in ‘Spatiotemporal_example.Rmd’ ... > library(ggplot2) > library(spocc) > library(INLA) When sourcing ‘Spatiotemporal_example.R’: Error: there is no package called ‘INLA’ Execution halted ‘Marked_Point_Process.Rmd’ using ‘UTF-8’... failed ‘Setophaga.Rmd’ using ‘UTF-8’... failed ‘Solitary_tinamou.Rmd’ using ‘UTF-8’... failed ‘Spatiotemporal_example.Rmd’ using ‘UTF-8’... failed Flavors: r-oldrel-macos-arm64, r-oldrel-macos-x86_64