CRAN Package Check Results for Package PlackettLuce

Last updated on 2024-06-14 05:00:29 CEST.

Flavor Version Tinstall Tcheck Ttotal Status Flags
r-devel-linux-x86_64-debian-clang 0.4.3 22.20 445.81 468.01 NOTE
r-devel-linux-x86_64-debian-gcc 0.4.3 0.72 1.70 2.42 ERROR
r-devel-linux-x86_64-fedora-clang 0.4.3 564.84 NOTE
r-devel-linux-x86_64-fedora-gcc 0.4.3 547.44 NOTE
r-devel-windows-x86_64 0.4.3 18.00 292.00 310.00 NOTE
r-patched-linux-x86_64 0.4.3 28.96 422.89 451.85 NOTE
r-release-linux-x86_64 0.4.3 20.08 431.84 451.92 NOTE
r-release-macos-arm64 0.4.3 129.00 NOTE
r-release-macos-x86_64 0.4.3 210.00 NOTE
r-release-windows-x86_64 0.4.3 19.00 291.00 310.00 NOTE
r-oldrel-macos-arm64 0.4.3 126.00 OK
r-oldrel-macos-x86_64 0.4.3 432.00 OK
r-oldrel-windows-x86_64 0.4.3 23.00 369.00 392.00 OK

Additional issues

noSuggests

Check Details

Version: 0.4.3
Check: Rd files
Result: NOTE checkRd: (-1) adjacency.Rd:27: Lost braces; missing escapes or markup? 27 | item j. For example, in the ranking \\{1\\} > \\{3, 4\\} > \\{2\\}, | ^ checkRd: (-1) adjacency.Rd:27: Lost braces; missing escapes or markup? 27 | item j. For example, in the ranking \\{1\\} > \\{3, 4\\} > \\{2\\}, | ^ checkRd: (-1) adjacency.Rd:27: Lost braces; missing escapes or markup? 27 | item j. For example, in the ranking \\{1\\} > \\{3, 4\\} > \\{2\\}, | ^ checkRd: (-1) rankings.Rd:127: Lost braces; missing escapes or markup? 127 | rank skipped. For example {1, 0, 2, 1}, ranks the first and fourth items in | ^ Flavors: r-devel-linux-x86_64-debian-clang, r-devel-linux-x86_64-fedora-clang, r-devel-linux-x86_64-fedora-gcc, r-devel-windows-x86_64, r-patched-linux-x86_64, r-release-linux-x86_64, r-release-macos-arm64, r-release-macos-x86_64, r-release-windows-x86_64

Version: 0.4.3
Check: package dependencies
Result: ERROR Package required but not available: ‘igraph’ Packages suggested but not available for checking: 'BayesMallows', 'BradleyTerry2', 'PLMIX', 'StatRank', 'kableExtra', 'testthat' See section ‘The DESCRIPTION file’ in the ‘Writing R Extensions’ manual. Flavor: r-devel-linux-x86_64-debian-gcc