CRAN Package Check Results for Package PeakSegDisk

Last updated on 2024-07-15 16:56:29 CEST.

Flavor Version Tinstall Tcheck Ttotal Status Flags
r-devel-linux-x86_64-debian-clang 2023.11.27 7.47 123.46 130.93 OK
r-devel-linux-x86_64-debian-gcc 2023.11.27 5.76 97.36 103.12 OK
r-devel-linux-x86_64-fedora-clang 2023.11.27 192.69 OK
r-devel-linux-x86_64-fedora-gcc 2023.11.27 189.65 OK
r-devel-windows-x86_64 2023.11.27 9.00 184.00 193.00 OK
r-patched-linux-x86_64 2023.11.27 7.53 123.66 131.19 OK
r-release-linux-x86_64 2023.11.27 7.02 120.19 127.21 OK
r-release-macos-arm64 2023.11.27 65.00 OK
r-release-macos-x86_64 2023.11.27 115.00 WARN
r-release-windows-x86_64 2023.11.27 11.00 176.00 187.00 OK
r-oldrel-macos-arm64 2023.11.27 84.00 OK
r-oldrel-macos-x86_64 2023.11.27 224.00 OK
r-oldrel-windows-x86_64 2023.11.27 10.00 205.00 215.00 OK

Additional issues

noRemap

Check Details

Version: 2023.11.27
Check: re-building of vignette outputs
Result: WARN Error(s) in re-building vignettes: --- re-building ‘Examples.Rnw’ using knitr Error: processing vignette 'Examples.Rnw' failed with diagnostics: Running 'texi2dvi' on 'Examples.tex' failed. LaTeX errors: ! Undefined control sequence. l.121 \hldef {sim.seg} \hlkwb{<-} \hlkwa{function}\hldef{(}\hlkwc{seg.mean}\h... ? ! Emergency stop. l.121 End of file on the terminal! ! ==> Fatal error occurred, no output PDF file produced! --- failed re-building ‘Examples.Rnw’ --- re-building ‘Spatial_correlation.Rmd’ using knitr --- finished re-building ‘Spatial_correlation.Rmd’ --- re-building ‘Worst_case.Rmd’ using knitr --- finished re-building ‘Worst_case.Rmd’ SUMMARY: processing the following file failed: ‘Examples.Rnw’ Error: Vignette re-building failed. Execution halted Flavor: r-release-macos-x86_64