CRAN Package Check Results for Package PL94171

Last updated on 2024-07-17 16:52:25 CEST.

Flavor Version Tinstall Tcheck Ttotal Status Flags
r-devel-linux-x86_64-debian-clang 1.1.2 6.21 89.47 95.68 OK
r-devel-linux-x86_64-debian-gcc 1.1.2 5.07 65.61 70.68 OK
r-devel-linux-x86_64-fedora-clang 1.1.2 119.66 OK
r-devel-linux-x86_64-fedora-gcc 1.1.2 132.49 OK
r-devel-windows-x86_64 1.1.2 8.00 98.00 106.00 NOTE
r-patched-linux-x86_64 1.1.2 10.95 83.85 94.80 OK
r-release-linux-x86_64 1.1.2 4.13 83.95 88.08 OK
r-release-macos-arm64 1.1.2 47.00 OK
r-release-macos-x86_64 1.1.2 68.00 OK
r-release-windows-x86_64 1.1.2 8.00 98.00 106.00 OK
r-oldrel-macos-arm64 1.1.2 52.00 OK
r-oldrel-macos-x86_64 1.1.2 81.00 OK
r-oldrel-windows-x86_64 1.1.2 9.00 107.00 116.00 OK

Check Details

Version: 1.1.2
Check: Rd cross-references
Result: NOTE Found the following Rd file(s) with Rd \link{} targets missing package anchors: pl_get_baf.Rd: tibble pl_select_standard.Rd: tibble Please provide package anchors for all Rd \link{} targets not in the package itself and the base packages. Flavor: r-devel-windows-x86_64