CRAN Package Check Results for Package One4All

Last updated on 2024-07-19 17:54:35 CEST.

Flavor Version Tinstall Tcheck Ttotal Status Flags
r-devel-linux-x86_64-debian-clang 0.5 10.99 125.41 136.40 OK
r-devel-linux-x86_64-debian-gcc 0.5 10.22 92.76 102.98 OK
r-devel-linux-x86_64-fedora-clang 0.5 172.66 NOTE
r-devel-linux-x86_64-fedora-gcc 0.5 173.39 NOTE
r-devel-windows-x86_64 0.5 16.00 127.00 143.00 OK
r-patched-linux-x86_64 0.5 8.39 118.76 127.15 OK
r-release-linux-x86_64 0.5 8.29 116.26 124.55 OK
r-release-macos-arm64 0.5 67.00 OK
r-release-macos-x86_64 0.5 168.00 OK
r-release-windows-x86_64 0.5 15.00 126.00 141.00 OK
r-oldrel-macos-arm64 0.5 103.00 OK
r-oldrel-macos-x86_64 0.5 149.00 OK
r-oldrel-windows-x86_64 0.5 18.00 154.00 172.00 OK

Check Details

Version: 0.5
Check: data for non-ASCII characters
Result: NOTE Note: found 21 marked UTF-8 strings Flavors: r-devel-linux-x86_64-fedora-clang, r-devel-linux-x86_64-fedora-gcc