CRAN Package Check Results for Package ORFID

Last updated on 2024-07-22 16:57:20 CEST.

Flavor Version Tinstall Tcheck Ttotal Status Flags
r-devel-linux-x86_64-debian-clang 1.0.2 3.68 51.54 55.22 OK
r-devel-linux-x86_64-debian-gcc 1.0.2 2.07 38.76 40.83 NOTE
r-devel-linux-x86_64-fedora-clang 1.0.2 69.82 OK
r-devel-linux-x86_64-fedora-gcc 1.0.2 79.05 OK
r-devel-windows-x86_64 1.0.2 6.00 64.00 70.00 NOTE
r-patched-linux-x86_64 1.0.2 9.75 48.66 58.41 OK
r-release-linux-x86_64 1.0.2 2.47 49.73 52.20 OK
r-release-macos-arm64 1.0.2 40.00 OK
r-release-macos-x86_64 1.0.2 54.00 OK
r-release-windows-x86_64 1.0.2 6.00 63.00 69.00 OK
r-oldrel-macos-arm64 1.0.2 32.00 OK
r-oldrel-macos-x86_64 1.0.2 43.00 OK
r-oldrel-windows-x86_64 1.0.2 7.00 68.00 75.00 OK

Check Details

Version: 1.0.2
Check: Rd cross-references
Result: NOTE Found the following Rd file(s) with Rd \link{} targets missing package anchors: join_multireader_data.Rd: bind_rows Please provide package anchors for all Rd \link{} targets not in the package itself and the base packages. Flavors: r-devel-linux-x86_64-debian-gcc, r-devel-windows-x86_64