CRAN Package Check Results for Package OPC

Last updated on 2024-06-14 05:00:27 CEST.

Flavor Version Tinstall Tcheck Ttotal Status Flags
r-devel-linux-x86_64-debian-clang 0.0.2 2.32 29.17 31.49 OK
r-devel-linux-x86_64-debian-gcc 0.0.2 1.93 22.47 24.40 ERROR
r-devel-linux-x86_64-fedora-clang 0.0.2 41.89 OK
r-devel-linux-x86_64-fedora-gcc 0.0.2 37.99 OK
r-devel-windows-x86_64 0.0.2 4.00 45.00 49.00 OK
r-patched-linux-x86_64 0.0.2 1.81 28.35 30.16 OK
r-release-linux-x86_64 0.0.2 2.48 27.76 30.24 OK
r-release-macos-arm64 0.0.2 16.00 OK
r-release-macos-x86_64 0.0.2 24.00 OK
r-release-windows-x86_64 0.0.2 3.00 44.00 47.00 OK
r-oldrel-macos-arm64 0.0.2 17.00 OK
r-oldrel-macos-x86_64 0.0.2 39.00 OK
r-oldrel-windows-x86_64 0.0.2 3.00 45.00 48.00 OK

Check Details

Version: 0.0.2
Check: package dependencies
Result: NOTE Package suggested but not available for checking: ‘testthat’ Flavor: r-devel-linux-x86_64-debian-gcc

Version: 0.0.2
Check: tests
Result: ERROR Running ‘testthat.R’ [0s/1s] Running the tests in ‘tests/testthat.R’ failed. Complete output: > library(testthat) Error in library(testthat) : there is no package called 'testthat' Execution halted Flavor: r-devel-linux-x86_64-debian-gcc