CRAN Package Check Results for Package OCNet

Last updated on 2024-07-17 16:52:24 CEST.

Flavor Version Tinstall Tcheck Ttotal Status Flags
r-devel-linux-x86_64-debian-clang 1.2.2 99.68 567.43 667.11 OK
r-devel-linux-x86_64-debian-gcc 1.2.2 78.10 399.63 477.73 OK
r-devel-linux-x86_64-fedora-clang 1.2.2 869.56 OK
r-devel-linux-x86_64-fedora-gcc 1.2.2 825.86 OK
r-devel-windows-x86_64 1.2.2 81.00 354.00 435.00 NOTE
r-patched-linux-x86_64 1.2.2 74.26 546.26 620.52 OK
r-release-linux-x86_64 1.2.2 88.79 533.12 621.91 OK
r-release-macos-arm64 1.2.2 154.00 NOTE
r-release-macos-x86_64 1.2.2 317.00 NOTE
r-release-windows-x86_64 1.2.2 81.00 351.00 432.00 OK
r-oldrel-macos-arm64 1.2.2 189.00 NOTE
r-oldrel-macos-x86_64 1.2.2 297.00 NOTE
r-oldrel-windows-x86_64 1.2.2 111.00 495.00 606.00 NOTE

Check Details

Version: 1.2.2
Check: Rd cross-references
Result: NOTE Found the following Rd file(s) with Rd \link{} targets missing package anchors: OCN_to_AEM.Rd: moran.randtest, aem aggregate_OCN.Rd: spam create_OCN.Rd: spam draw_elev2D_OCN.Rd: image.plot, imagePlot draw_elev3D_OCN.Rd: imagePlot draw_elev3Drgl_OCN.Rd: persp3d, rgl, rgl.snapshot, rgl.postscript, polygon3d draw_subcatchments_OCN.Rd: imagePlot draw_thematic_OCN.Rd: image.plot, imagePlot, sbar, north landscape_OCN.Rd: spam paths_OCN.Rd: spam plot.Rd: sbar, north Please provide package anchors for all Rd \link{} targets not in the package itself and the base packages. Flavor: r-devel-windows-x86_64

Version: 1.2.2
Check: installed package size
Result: NOTE installed size is 5.9Mb sub-directories of 1Mb or more: data 2.6Mb libs 1.9Mb Flavors: r-release-macos-arm64, r-release-macos-x86_64, r-oldrel-macos-arm64, r-oldrel-macos-x86_64, r-oldrel-windows-x86_64