CRAN Package Check Results for Package NetOrigin

Last updated on 2024-07-23 16:49:11 CEST.

Flavor Version Tinstall Tcheck Ttotal Status Flags
r-devel-linux-x86_64-debian-clang 1.1-6 4.84 63.26 68.10 OK
r-devel-linux-x86_64-debian-gcc 1.1-6 3.41 46.60 50.01 NOTE
r-devel-linux-x86_64-fedora-clang 1.1-6 85.02 OK
r-devel-linux-x86_64-fedora-gcc 1.1-6 80.20 OK
r-devel-windows-x86_64 1.1-6 8.00 69.00 77.00 NOTE
r-patched-linux-x86_64 1.1-6 11.34 59.32 70.66 OK
r-release-linux-x86_64 1.1-6 3.50 60.43 63.93 OK
r-release-macos-arm64 1.1-6 32.00 OK
r-release-macos-x86_64 1.1-6 44.00 OK
r-release-windows-x86_64 1.1-6 6.00 69.00 75.00 OK
r-oldrel-macos-arm64 1.1-6 31.00 OK
r-oldrel-macos-x86_64 1.1-6 61.00 OK
r-oldrel-windows-x86_64 1.1-6 8.00 81.00 89.00 OK

Check Details

Version: 1.1-6
Check: Rd cross-references
Result: NOTE Found the following Rd file(s) with Rd \link{} targets missing package anchors: analyze_ptn.Rd: igraph origin-methods.Rd: igraph origin_multiple.Rd: fastgreedy.community, leading.eigenvector.community plot_ptn.Rd: igraph, plot.igraph Please provide package anchors for all Rd \link{} targets not in the package itself and the base packages. Flavors: r-devel-linux-x86_64-debian-gcc, r-devel-windows-x86_64