CRAN Package Check Results for Package NNTbiomarker

Last updated on 2024-07-18 04:50:20 CEST.

Flavor Version Tinstall Tcheck Ttotal Status Flags
r-devel-linux-x86_64-debian-clang 0.29.11 10.09 90.02 100.11 NOTE
r-devel-linux-x86_64-debian-gcc 0.29.11 7.31 65.38 72.69 NOTE
r-devel-linux-x86_64-fedora-clang 0.29.11 121.24 NOTE
r-devel-linux-x86_64-fedora-gcc 0.29.11 128.73 NOTE
r-devel-windows-x86_64 0.29.11 9.00 81.00 90.00 NOTE
r-patched-linux-x86_64 0.29.11 7.96 84.13 92.09 NOTE
r-release-linux-x86_64 0.29.11 9.00 84.85 93.85 NOTE
r-release-macos-arm64 0.29.11 39.00 NOTE
r-release-macos-x86_64 0.29.11 62.00 NOTE
r-release-windows-x86_64 0.29.11 9.00 81.00 90.00 NOTE
r-oldrel-macos-arm64 0.29.11 42.00 OK
r-oldrel-macos-x86_64 0.29.11 66.00 OK
r-oldrel-windows-x86_64 0.29.11 11.00 93.00 104.00 OK

Check Details

Version: 0.29.11
Check: Rd files
Result: NOTE checkRd: (-1) ROCplots.Rd:35: Lost braces in \itemize; meant \describe ? checkRd: (-1) ROCplots.Rd:36: Lost braces in \itemize; meant \describe ? checkRd: (-1) ROCplots.Rd:37: Lost braces in \itemize; meant \describe ? checkRd: (-1) ROCplots.Rd:38: Lost braces in \itemize; meant \describe ? checkRd: (-1) ROCplots.Rd:39: Lost braces in \itemize; meant \describe ? checkRd: (-1) ROCplots.Rd:40: Lost braces in \itemize; meant \describe ? Flavors: r-devel-linux-x86_64-debian-clang, r-devel-linux-x86_64-debian-gcc, r-devel-linux-x86_64-fedora-clang, r-devel-linux-x86_64-fedora-gcc, r-devel-windows-x86_64, r-patched-linux-x86_64, r-release-linux-x86_64, r-release-macos-arm64, r-release-macos-x86_64, r-release-windows-x86_64