CRAN Package Check Results for Package NBDesign

Last updated on 2024-06-14 16:54:10 CEST.

Flavor Version Tinstall Tcheck Ttotal Status Flags
r-devel-linux-x86_64-debian-clang 2.0.0 5.23 66.92 72.15 NOTE
r-devel-linux-x86_64-debian-gcc 2.0.0 6.36 50.76 57.12 NOTE
r-devel-linux-x86_64-fedora-clang 2.0.0 91.65 NOTE
r-devel-linux-x86_64-fedora-gcc 2.0.0 88.00 NOTE
r-devel-windows-x86_64 2.0.0 7.00 64.00 71.00 NOTE
r-patched-linux-x86_64 2.0.0 7.86 64.10 71.96 NOTE
r-release-linux-x86_64 2.0.0 6.77 63.02 69.79 NOTE
r-release-macos-arm64 2.0.0 29.00 NOTE
r-release-macos-x86_64 2.0.0 45.00 NOTE
r-release-windows-x86_64 2.0.0 7.00 66.00 73.00 NOTE
r-oldrel-macos-arm64 2.0.0 33.00 NOTE
r-oldrel-macos-x86_64 2.0.0 52.00 NOTE
r-oldrel-windows-x86_64 2.0.0 9.00 74.00 83.00 NOTE

Check Details

Version: 2.0.0
Check: LazyData
Result: NOTE 'LazyData' is specified without a 'data' directory Flavors: r-devel-linux-x86_64-debian-clang, r-devel-linux-x86_64-debian-gcc, r-devel-linux-x86_64-fedora-clang, r-devel-linux-x86_64-fedora-gcc, r-devel-windows-x86_64, r-patched-linux-x86_64, r-release-linux-x86_64, r-release-macos-arm64, r-release-macos-x86_64, r-release-windows-x86_64, r-oldrel-macos-arm64, r-oldrel-macos-x86_64, r-oldrel-windows-x86_64