CRAN Package Check Results for Package MultiVarSel

Last updated on 2024-07-21 16:52:17 CEST.

Flavor Version Tinstall Tcheck Ttotal Status Flags
r-devel-linux-x86_64-debian-clang 1.1.3 7.73 77.69 85.42 OK
r-devel-linux-x86_64-debian-gcc 1.1.3 6.52 58.49 65.01 OK
r-devel-linux-x86_64-fedora-clang 1.1.3 106.77 NOTE
r-devel-linux-x86_64-fedora-gcc 1.1.3 114.66 NOTE
r-devel-windows-x86_64 1.1.3 8.00 76.00 84.00 OK
r-patched-linux-x86_64 1.1.3 6.36 74.18 80.54 OK
r-release-linux-x86_64 1.1.3 5.99 75.98 81.97 OK
r-release-macos-arm64 1.1.3 39.00 OK
r-release-macos-x86_64 1.1.3 61.00 OK
r-release-windows-x86_64 1.1.3 8.00 73.00 81.00 OK
r-oldrel-macos-arm64 1.1.3 43.00 OK
r-oldrel-macos-x86_64 1.1.3 63.00 OK
r-oldrel-windows-x86_64 1.1.3 10.00 85.00 95.00 OK

Check Details

Version: 1.1.3
Check: data for non-ASCII characters
Result: NOTE Note: found 6 marked UTF-8 strings Flavors: r-devel-linux-x86_64-fedora-clang, r-devel-linux-x86_64-fedora-gcc