CRAN Package Check Results for Package MultBiplotR

Last updated on 2025-01-21 16:50:14 CET.

Flavor Version Tinstall Tcheck Ttotal Status Flags
r-devel-linux-x86_64-debian-clang 23.11.0 38.90 233.95 272.85 NOTE
r-devel-linux-x86_64-debian-gcc 23.11.0 26.23 151.13 177.36 NOTE
r-devel-linux-x86_64-fedora-clang 23.11.0 478.87 OK
r-devel-linux-x86_64-fedora-gcc 23.11.0 407.61 OK
r-devel-windows-x86_64 23.11.0 43.00 269.00 312.00 NOTE
r-patched-linux-x86_64 23.11.0 45.08 218.40 263.48 OK
r-release-linux-x86_64 23.11.0 34.76 220.36 255.12 OK
r-release-macos-arm64 23.11.0 96.00 OK
r-release-macos-x86_64 23.11.0 145.00 OK
r-release-windows-x86_64 23.11.0 42.00 272.00 314.00 OK
r-oldrel-macos-arm64 23.11.0 71.00 OK
r-oldrel-macos-x86_64 23.11.0 147.00 OK
r-oldrel-windows-x86_64 23.11.0 54.00 349.00 403.00 OK

Check Details

Version: 23.11.0
Check: Rd cross-references
Result: NOTE Found the following Rd file(s) with Rd \link{} targets missing package anchors: PolyOrdinalLogBiplot.Rd: fa, principal Please provide package anchors for all Rd \link{} targets not in the package itself and the base packages. Flavors: r-devel-linux-x86_64-debian-clang, r-devel-linux-x86_64-debian-gcc, r-devel-windows-x86_64