CRAN Package Check Results for Package ModelMap

Last updated on 2024-07-22 16:57:19 CEST.

Flavor Version Tinstall Tcheck Ttotal Status Flags
r-devel-linux-x86_64-debian-clang 3.4.0.4 46.42 713.33 759.75 NOTE
r-devel-linux-x86_64-debian-gcc 3.4.0.4 32.80 529.88 562.68 NOTE
r-devel-linux-x86_64-fedora-clang 3.4.0.4 975.14 NOTE
r-devel-linux-x86_64-fedora-gcc 3.4.0.4 923.39 NOTE
r-devel-windows-x86_64 3.4.0.4 34.00 551.00 585.00 NOTE
r-patched-linux-x86_64 3.4.0.4 41.06 691.42 732.48 NOTE
r-release-linux-x86_64 3.4.0.4 40.01 691.09 731.10 NOTE
r-release-macos-arm64 3.4.0.4 278.00 NOTE
r-release-macos-x86_64 3.4.0.4 411.00 NOTE
r-release-windows-x86_64 3.4.0.4 35.00 556.00 591.00 NOTE
r-oldrel-macos-arm64 3.4.0.4 444.00 OK
r-oldrel-macos-x86_64 3.4.0.4 1060.00 OK
r-oldrel-windows-x86_64 3.4.0.4 47.00 626.00 673.00 OK

Check Details

Version: 3.4.0.4
Check: Rd files
Result: NOTE checkRd: (-1) model.importance.plot.Rd:139: Lost braces 139 | For binary CF models, if{importance.type = 2}, function uses AUC-based variables importances as described by Janitza et al. (2012). Here, the area under the curve instead of the accuracy is used to calculate the importance of each variable. This AUC-based variable importance measure is more robust towards class imbalance. | ^ Flavors: r-devel-linux-x86_64-debian-clang, r-devel-linux-x86_64-debian-gcc, r-devel-linux-x86_64-fedora-clang, r-devel-linux-x86_64-fedora-gcc, r-devel-windows-x86_64, r-patched-linux-x86_64, r-release-linux-x86_64, r-release-macos-arm64, r-release-macos-x86_64, r-release-windows-x86_64

Version: 3.4.0.4
Check: Rd cross-references
Result: NOTE Found the following Rd file(s) with Rd \link{} targets missing package anchors: model.mapmake.Rd: writeFormats, writeRaster, compareRaster Please provide package anchors for all Rd \link{} targets not in the package itself and the base packages. Flavors: r-devel-linux-x86_64-debian-gcc, r-devel-windows-x86_64