CRAN Package Check Results for Package MSclassifR

Last updated on 2024-06-17 16:58:46 CEST.

Flavor Version Tinstall Tcheck Ttotal Status Flags
r-devel-linux-x86_64-debian-clang 0.3.3 30.39 279.47 309.86 NOTE
r-devel-linux-x86_64-debian-gcc 0.3.3 28.67 203.55 232.22 NOTE
r-devel-linux-x86_64-fedora-clang 0.3.3 385.66 NOTE
r-devel-linux-x86_64-fedora-gcc 0.3.3 364.99 NOTE
r-devel-windows-x86_64 0.3.3 29.00 190.00 219.00 NOTE
r-patched-linux-x86_64 0.3.3 21.95 260.90 282.85 NOTE
r-release-linux-x86_64 0.3.3 32.61 265.94 298.55 NOTE
r-release-macos-arm64 0.3.3 96.00 NOTE
r-release-macos-x86_64 0.3.3 144.00 NOTE
r-release-windows-x86_64 0.3.3 29.00 195.00 224.00 NOTE
r-oldrel-macos-arm64 0.3.3 84.00 OK
r-oldrel-macos-x86_64 0.3.3 173.00 OK
r-oldrel-windows-x86_64 0.3.3 40.00 250.00 290.00 OK

Check Details

Version: 0.3.3
Check: Rd files
Result: NOTE checkRd: (-1) SignalProcessing.Rd:42: Lost braces; missing escapes or markup? 42 | \item{calibrateIntensity_method}{a \code{character} indicating the intensities calibration method used (\code{"TIC"} method by default). This calibration method can be remplaced by \code{"PQN"} or {"median"}.See \code{calibrateIntensity-methods} of the \code{MALDIquant} R package for details.} | ^ Flavors: r-devel-linux-x86_64-debian-clang, r-devel-linux-x86_64-debian-gcc, r-devel-linux-x86_64-fedora-clang, r-devel-linux-x86_64-fedora-gcc, r-devel-windows-x86_64, r-patched-linux-x86_64, r-release-linux-x86_64, r-release-macos-arm64, r-release-macos-x86_64, r-release-windows-x86_64