CRAN Package Check Results for Package MPGE

Last updated on 2024-06-16 04:51:45 CEST.

Flavor Version Tinstall Tcheck Ttotal Status Flags
r-devel-linux-x86_64-debian-clang 1.0.0 2.09 33.04 35.13 NOTE
r-devel-linux-x86_64-debian-gcc 1.0.0 2.11 25.19 27.30 NOTE
r-devel-linux-x86_64-fedora-clang 1.0.0 45.55 NOTE
r-devel-linux-x86_64-fedora-gcc 1.0.0 55.40 NOTE
r-devel-windows-x86_64 1.0.0 3.00 47.00 50.00 NOTE
r-patched-linux-x86_64 1.0.0 1.76 31.31 33.07 NOTE
r-release-linux-x86_64 1.0.0 2.73 31.48 34.21 NOTE
r-release-macos-arm64 1.0.0 24.00 NOTE
r-release-macos-x86_64 1.0.0 35.00 NOTE
r-release-windows-x86_64 1.0.0 3.00 48.00 51.00 NOTE
r-oldrel-macos-arm64 1.0.0 25.00 NOTE
r-oldrel-macos-x86_64 1.0.0 33.00 NOTE
r-oldrel-windows-x86_64 1.0.0 5.00 48.00 53.00 NOTE

Check Details

Version: 1.0.0
Check: Rd files
Result: NOTE checkRd: (-1) genotype_data.Rd:7: Escaped LaTeX specials: \_ checkRd: (-1) genotype_data.Rd:18: Escaped LaTeX specials: \_ checkRd: (-1) phenotype_data.Rd:15: Escaped LaTeX specials: \_ Flavors: r-devel-linux-x86_64-debian-clang, r-devel-linux-x86_64-debian-gcc, r-devel-linux-x86_64-fedora-clang, r-devel-linux-x86_64-fedora-gcc, r-devel-windows-x86_64, r-patched-linux-x86_64, r-release-linux-x86_64, r-release-macos-arm64, r-release-macos-x86_64, r-release-windows-x86_64, r-oldrel-macos-arm64, r-oldrel-macos-x86_64, r-oldrel-windows-x86_64