Last updated on 2025-04-30 17:00:56 CEST.
Flavor | Version | Tinstall | Tcheck | Ttotal | Status | Flags |
---|---|---|---|---|---|---|
r-devel-linux-x86_64-debian-clang | 0.4.2 | 17.47 | 102.52 | 119.99 | NOTE | |
r-devel-linux-x86_64-debian-gcc | 0.4.2 | 10.09 | 68.75 | 78.84 | NOTE | |
r-devel-linux-x86_64-fedora-clang | 0.4.2 | 183.34 | OK | |||
r-devel-linux-x86_64-fedora-gcc | 0.4.2 | 172.01 | OK | |||
r-devel-windows-x86_64 | 0.4.2 | 18.00 | 108.00 | 126.00 | OK | |
r-patched-linux-x86_64 | 0.4.2 | 15.65 | 94.49 | 110.14 | OK | |
r-release-linux-x86_64 | 0.4.2 | 15.57 | 95.36 | 110.93 | OK | |
r-release-macos-arm64 | 0.4.2 | 52.00 | OK | |||
r-release-macos-x86_64 | 0.4.2 | 99.00 | OK | |||
r-release-windows-x86_64 | 0.4.2 | 17.00 | 110.00 | 127.00 | OK | |
r-oldrel-macos-arm64 | 0.4.2 | 55.00 | OK | |||
r-oldrel-macos-x86_64 | 0.4.2 | 102.00 | OK | |||
r-oldrel-windows-x86_64 | 0.4.2 | 23.00 | 141.00 | 164.00 | OK |
Version: 0.4.2
Check: CRAN incoming feasibility
Result: NOTE
Maintainer: ‘Jernej Jevsenak <jernej.jevsenak@gmail.com>’
No Authors@R field in DESCRIPTION.
Please add one, modifying
Authors@R: person(given = "Jernej",
family = "Jevsenak",
role = c("aut", "cre"),
email = "jernej.jevsenak@gmail.com")
as necessary.
Package CITATION file contains call(s) to old-style personList() or
as.personList(). Please use c() on person objects instead.
Package CITATION file contains call(s) to old-style citEntry(). Please
use bibentry() instead.
Flavors: r-devel-linux-x86_64-debian-clang, r-devel-linux-x86_64-debian-gcc
Version: 0.4.2
Check: examples
Result: NOTE
Examples with CPU (user + system) or elapsed time > 5s
user system elapsed
crownHeight_prediction 3.912 0.305 5.969
Flavor: r-devel-linux-x86_64-debian-clang