CRAN Package Check Results for Package MBESS

Last updated on 2024-06-13 04:52:30 CEST.

Flavor Version Tinstall Tcheck Ttotal Status Flags
r-devel-linux-x86_64-debian-clang 4.9.3 19.14 126.97 146.11 OK
r-devel-linux-x86_64-debian-gcc 4.9.3 0.58 1.72 2.30 ERROR
r-devel-linux-x86_64-fedora-clang 4.9.3 183.65 OK
r-devel-linux-x86_64-fedora-gcc 4.9.3 168.18 OK
r-devel-windows-x86_64 4.9.3 17.00 115.00 132.00 OK
r-patched-linux-x86_64 4.9.3 30.95 121.76 152.71 OK
r-release-linux-x86_64 4.9.3 18.68 125.50 144.18 OK
r-release-macos-arm64 4.9.3 42.00 OK
r-release-macos-x86_64 4.9.3 65.00 OK
r-release-windows-x86_64 4.9.3 18.00 116.00 134.00 OK
r-oldrel-macos-arm64 4.9.3 42.00 OK
r-oldrel-macos-x86_64 4.9.3 88.00 OK
r-oldrel-windows-x86_64 4.9.3 24.00 138.00 162.00 OK

Check Details

Version: 4.9.3
Check: package dependencies
Result: ERROR Package required but not available: ‘sem’ See section ‘The DESCRIPTION file’ in the ‘Writing R Extensions’ manual. Flavor: r-devel-linux-x86_64-debian-gcc