CRAN Package Check Results for Package MAP

Last updated on 2024-07-24 04:49:52 CEST.

Flavor Version Tinstall Tcheck Ttotal Status Flags
r-devel-linux-x86_64-debian-clang 0.1.3 10.91 82.83 93.74 NOTE
r-devel-linux-x86_64-debian-gcc 0.1.3 7.33 60.62 67.95 NOTE
r-devel-linux-x86_64-fedora-clang 0.1.3 112.24 NOTE
r-devel-linux-x86_64-fedora-gcc 0.1.3 114.93 NOTE
r-devel-windows-x86_64 0.1.3 8.00 71.00 79.00 NOTE
r-patched-linux-x86_64 0.1.3 6.47 78.20 84.67 NOTE
r-release-linux-x86_64 0.1.3 10.00 76.24 86.24 NOTE
r-release-macos-arm64 0.1.3 34.00 NOTE
r-release-macos-x86_64 0.1.3 57.00 NOTE
r-release-windows-x86_64 0.1.3 8.00 73.00 81.00 NOTE
r-oldrel-macos-arm64 0.1.3 36.00 NOTE
r-oldrel-macos-x86_64 0.1.3 58.00 NOTE
r-oldrel-windows-x86_64 0.1.3 11.00 83.00 94.00 NOTE

Check Details

Version: 0.1.3
Check: LazyData
Result: NOTE 'LazyData' is specified without a 'data' directory Flavors: r-devel-linux-x86_64-debian-clang, r-devel-linux-x86_64-debian-gcc, r-devel-linux-x86_64-fedora-clang, r-devel-linux-x86_64-fedora-gcc, r-devel-windows-x86_64, r-patched-linux-x86_64, r-release-linux-x86_64, r-release-macos-arm64, r-release-macos-x86_64, r-release-windows-x86_64, r-oldrel-macos-arm64, r-oldrel-macos-x86_64, r-oldrel-windows-x86_64