CRAN Package Check Results for Package LTRCtrees

Last updated on 2024-07-22 16:57:18 CEST.

Flavor Version Tinstall Tcheck Ttotal Status Flags
r-devel-linux-x86_64-debian-clang 1.1.1 3.10 70.45 73.55 NOTE
r-devel-linux-x86_64-debian-gcc 1.1.1 2.10 49.03 51.13 NOTE
r-devel-linux-x86_64-fedora-clang 1.1.1 93.66 NOTE
r-devel-linux-x86_64-fedora-gcc 1.1.1 98.34 NOTE
r-devel-windows-x86_64 1.1.1 4.00 66.00 70.00 NOTE
r-patched-linux-x86_64 1.1.1 2.11 65.47 67.58 NOTE
r-release-linux-x86_64 1.1.1 2.99 66.14 69.13 NOTE
r-release-macos-arm64 1.1.1 32.00 NOTE
r-release-macos-x86_64 1.1.1 48.00 NOTE
r-release-windows-x86_64 1.1.1 4.00 68.00 72.00 NOTE
r-oldrel-macos-arm64 1.1.1 34.00 NOTE
r-oldrel-macos-x86_64 1.1.1 73.00 NOTE
r-oldrel-windows-x86_64 1.1.1 4.00 73.00 77.00 NOTE

Check Details

Version: 1.1.1
Check: LazyData
Result: NOTE 'LazyData' is specified without a 'data' directory Flavors: r-devel-linux-x86_64-debian-clang, r-devel-linux-x86_64-debian-gcc, r-devel-linux-x86_64-fedora-clang, r-devel-linux-x86_64-fedora-gcc, r-devel-windows-x86_64, r-patched-linux-x86_64, r-release-linux-x86_64, r-release-macos-arm64, r-release-macos-x86_64, r-release-windows-x86_64, r-oldrel-macos-arm64, r-oldrel-macos-x86_64, r-oldrel-windows-x86_64

Version: 1.1.1
Check: Rd cross-references
Result: NOTE Found the following Rd file(s) with Rd \link{} targets missing package anchors: LTRCART.Rd: rpart Please provide package anchors for all Rd \link{} targets not in the package itself and the base packages. Flavors: r-devel-linux-x86_64-debian-gcc, r-devel-windows-x86_64

Version: 1.1.1
Check: dependencies in R code
Result: NOTE Namespaces in Imports field not imported from: ‘Icens’ ‘interval’ All declared Imports should be used. Flavors: r-devel-linux-x86_64-fedora-clang, r-devel-linux-x86_64-fedora-gcc