CRAN Package Check Results for Package LPGraph

Last updated on 2024-06-14 05:00:23 CEST.

Flavor Version Tinstall Tcheck Ttotal Status Flags
r-devel-linux-x86_64-debian-clang 2.1 2.18 29.15 31.33 OK
r-devel-linux-x86_64-debian-gcc 2.1 0.22 1.59 1.81 ERROR
r-devel-linux-x86_64-fedora-clang 2.1 40.40 OK
r-devel-linux-x86_64-fedora-gcc 2.1 38.61 OK
r-devel-windows-x86_64 2.1 3.00 44.00 47.00 OK
r-patched-linux-x86_64 2.1 1.68 28.94 30.62 OK
r-release-linux-x86_64 2.1 2.37 28.47 30.84 OK
r-release-macos-arm64 2.1 18.00 OK
r-release-macos-x86_64 2.1 23.00 OK
r-release-windows-x86_64 2.1 4.00 44.00 48.00 OK
r-oldrel-macos-arm64 2.1 18.00 OK
r-oldrel-macos-x86_64 2.1 23.00 OK
r-oldrel-windows-x86_64 2.1 5.00 48.00 53.00 OK

Check Details

Version: 2.1
Check: package dependencies
Result: ERROR Package required but not available: ‘car’ See section ‘The DESCRIPTION file’ in the ‘Writing R Extensions’ manual. Flavor: r-devel-linux-x86_64-debian-gcc