CRAN Package Check Results for Package LAWBL

Last updated on 2024-06-13 16:49:12 CEST.

Flavor Version Tinstall Tcheck Ttotal Status Flags
r-devel-linux-x86_64-debian-clang 1.5.0 5.31 152.77 158.08 OK
r-devel-linux-x86_64-debian-gcc 1.5.0 4.45 38.63 43.08 ERROR
r-devel-linux-x86_64-fedora-clang 1.5.0 187.12 OK
r-devel-linux-x86_64-fedora-gcc 1.5.0 191.48 OK
r-devel-windows-x86_64 1.5.0 5.00 148.00 153.00 OK
r-patched-linux-x86_64 1.5.0 5.60 141.90 147.50 OK
r-release-linux-x86_64 1.5.0 5.81 146.43 152.24 OK
r-release-macos-arm64 1.5.0 55.00 OK
r-release-macos-x86_64 1.5.0 105.00 OK
r-release-windows-x86_64 1.5.0 6.00 150.00 156.00 OK
r-oldrel-macos-arm64 1.5.0 64.00 OK
r-oldrel-macos-x86_64 1.5.0 117.00 OK
r-oldrel-windows-x86_64 1.5.0 7.00 149.00 156.00 OK

Check Details

Version: 1.5.0
Check: package dependencies
Result: NOTE Package suggested but not available for checking: ‘testthat’ Flavor: r-devel-linux-x86_64-debian-gcc

Version: 1.5.0
Check: tests
Result: ERROR Running ‘testthat.R’ [0s/1s] Running the tests in ‘tests/testthat.R’ failed. Complete output: > library(testthat) Error in library(testthat) : there is no package called 'testthat' Execution halted Flavor: r-devel-linux-x86_64-debian-gcc