CRAN Package Check Results for Package LAGOSNE

Last updated on 2024-07-17 16:52:20 CEST.

Flavor Version Tinstall Tcheck Ttotal Status Flags
r-devel-linux-x86_64-debian-clang 2.0.3 9.58 85.84 95.42 NOTE
r-devel-linux-x86_64-debian-gcc 2.0.3 7.47 65.78 73.25 NOTE
r-devel-linux-x86_64-fedora-clang 2.0.3 124.42 NOTE
r-devel-linux-x86_64-fedora-gcc 2.0.3 125.83 NOTE
r-devel-windows-x86_64 2.0.3 10.00 99.00 109.00 NOTE
r-patched-linux-x86_64 2.0.3 8.19 81.71 89.90 NOTE
r-release-linux-x86_64 2.0.3 5.77 82.32 88.09 NOTE
r-release-macos-arm64 2.0.3 41.00 NOTE
r-release-macos-x86_64 2.0.3 81.00 NOTE
r-release-windows-x86_64 2.0.3 10.00 94.00 104.00 NOTE
r-oldrel-macos-arm64 2.0.3 41.00 OK
r-oldrel-macos-x86_64 2.0.3 105.00 OK
r-oldrel-windows-x86_64 2.0.3 12.00 102.00 114.00 OK

Check Details

Version: 2.0.3
Check: Rd files
Result: NOTE checkRd: (-1) conn.Rd:300: Lost braces 300 | Soranno et al. (2017) \doi{10.1093/gigascience/gix101}{Gigascience 6:12} | ^ checkRd: (-1) lakes_limno.Rd:36: Lost braces 36 | Soranno et al. (2017) \doi{10.1093/gigascience/gix101}{Gigascience 6:12} | ^ Flavors: r-devel-linux-x86_64-debian-clang, r-devel-linux-x86_64-debian-gcc, r-devel-linux-x86_64-fedora-clang, r-devel-linux-x86_64-fedora-gcc, r-devel-windows-x86_64, r-patched-linux-x86_64, r-release-linux-x86_64, r-release-macos-arm64, r-release-macos-x86_64, r-release-windows-x86_64