CRAN Package Check Results for Package Kendall

Last updated on 2024-07-22 04:48:40 CEST.

Flavor Version Tinstall Tcheck Ttotal Status Flags
r-devel-linux-x86_64-debian-clang 2.2.1 2.97 26.51 29.48 OK
r-devel-linux-x86_64-debian-gcc 2.2.1 2.20 22.25 24.45 NOTE
r-devel-linux-x86_64-fedora-clang 2.2.1 39.16 NOTE
r-devel-linux-x86_64-fedora-gcc 2.2.1 37.79 NOTE
r-devel-windows-x86_64 2.2.1 5.00 47.00 52.00 NOTE
r-patched-linux-x86_64 2.2.1 3.09 27.52 30.61 OK
r-release-linux-x86_64 2.2.1 2.97 26.78 29.75 OK
r-release-macos-arm64 2.2.1 16.00 OK
r-release-macos-x86_64 2.2.1 25.00 OK
r-release-windows-x86_64 2.2.1 5.00 46.00 51.00 OK
r-oldrel-macos-arm64 2.2.1 20.00 OK
r-oldrel-macos-x86_64 2.2.1 24.00 OK
r-oldrel-windows-x86_64 2.2.1 6.00 49.00 55.00 OK

Check Details

Version: 2.2.1
Check: Rd cross-references
Result: NOTE Found the following Rd file(s) with Rd \link{} targets missing package anchors: MannKendall.Rd: tsboot Please provide package anchors for all Rd \link{} targets not in the package itself and the base packages. Flavors: r-devel-linux-x86_64-debian-gcc, r-devel-windows-x86_64

Version: 2.2.1
Check: compiled code
Result: NOTE File ‘Kendall/libs/Kendall.so’: Found no calls to: ‘R_registerRoutines’, ‘R_useDynamicSymbols’ It is good practice to register native routines and to disable symbol search. See ‘Writing portable packages’ in the ‘Writing R Extensions’ manual. Flavors: r-devel-linux-x86_64-fedora-clang, r-devel-linux-x86_64-fedora-gcc