CRAN Package Check Results for Package KenSyn

Last updated on 2024-05-18 04:11:36 CEST.

Flavor Version Tinstall Tcheck Ttotal Status Flags
r-devel-linux-x86_64-debian-clang 0.3 2.10 21.84 23.94 OK
r-devel-linux-x86_64-debian-gcc 0.3 1.84 16.98 18.82 OK
r-devel-linux-x86_64-fedora-clang 0.3 30.82 NOTE
r-devel-linux-x86_64-fedora-gcc 0.3 34.30 NOTE
r-devel-windows-x86_64 0.3 4.00 40.00 44.00 OK
r-patched-linux-x86_64 0.3 2.16 21.30 23.46 OK
r-release-linux-x86_64 0.3 1.46 21.03 22.49 OK
r-release-macos-arm64 0.3 15.00 OK
r-release-windows-x86_64 0.3 4.00 41.00 45.00 OK
r-oldrel-macos-arm64 0.3 18.00 OK
r-oldrel-macos-x86_64 0.3 19.00 OK
r-oldrel-windows-x86_64 0.3 5.00 43.00 48.00 OK

Check Details

Version: 0.3
Check: dependencies in R code
Result: NOTE Namespaces in Imports field not imported from: ‘lme4’ ‘metafor’ ‘nlme’ All declared Imports should be used. Flavors: r-devel-linux-x86_64-fedora-clang, r-devel-linux-x86_64-fedora-gcc