CRAN Package Check Results for Package IncDTW

Last updated on 2024-07-14 04:52:15 CEST.

Flavor Version Tinstall Tcheck Ttotal Status Flags
r-devel-linux-x86_64-debian-clang 1.1.4.4 132.60 98.30 230.90 NOTE
r-devel-linux-x86_64-debian-gcc 1.1.4.4 91.00 72.64 163.64 NOTE
r-devel-linux-x86_64-fedora-clang 1.1.4.4 328.78 NOTE
r-devel-linux-x86_64-fedora-gcc 1.1.4.4 331.56 NOTE
r-devel-windows-x86_64 1.1.4.4 102.00 110.00 212.00 NOTE
r-patched-linux-x86_64 1.1.4.4 112.95 93.74 206.69 NOTE
r-release-linux-x86_64 1.1.4.4 107.50 94.59 202.09 NOTE
r-release-macos-arm64 1.1.4.4 68.00 NOTE
r-release-macos-x86_64 1.1.4.4 89.00 NOTE
r-release-windows-x86_64 1.1.4.4 106.00 108.00 214.00 NOTE
r-oldrel-macos-arm64 1.1.4.4 84.00 NOTE
r-oldrel-macos-x86_64 1.1.4.4 130.00 NOTE
r-oldrel-windows-x86_64 1.1.4.4 126.00 134.00 260.00 NOTE

Check Details

Version: 1.1.4.4
Check: C++ specification
Result: NOTE Specified C++11: please drop specification unless essential Flavors: r-devel-linux-x86_64-debian-clang, r-devel-linux-x86_64-debian-gcc, r-devel-linux-x86_64-fedora-clang, r-devel-linux-x86_64-fedora-gcc, r-devel-windows-x86_64, r-patched-linux-x86_64, r-release-linux-x86_64, r-release-macos-arm64, r-release-macos-x86_64, r-release-windows-x86_64, r-oldrel-macos-arm64, r-oldrel-macos-x86_64, r-oldrel-windows-x86_64

Version: 1.1.4.4
Check: for GNU extensions in Makefiles
Result: NOTE GNU make is a SystemRequirements. Flavors: r-devel-linux-x86_64-debian-clang, r-devel-linux-x86_64-debian-gcc, r-devel-linux-x86_64-fedora-clang, r-devel-linux-x86_64-fedora-gcc, r-devel-windows-x86_64, r-patched-linux-x86_64, r-release-linux-x86_64, r-release-macos-arm64, r-release-macos-x86_64, r-release-windows-x86_64, r-oldrel-macos-arm64, r-oldrel-macos-x86_64, r-oldrel-windows-x86_64

Version: 1.1.4.4
Check: installed package size
Result: NOTE installed size is 6.8Mb sub-directories of 1Mb or more: libs 5.1Mb Flavors: r-release-macos-arm64, r-release-macos-x86_64, r-oldrel-macos-arm64, r-oldrel-macos-x86_64