CRAN Package Check Results for Package HSDiC

Last updated on 2024-07-19 04:56:39 CEST.

Flavor Version Tinstall Tcheck Ttotal Status Flags
r-devel-linux-x86_64-debian-clang 0.1 9.66 74.45 84.11 NOTE
r-devel-linux-x86_64-debian-gcc 0.1 6.65 54.88 61.53 NOTE
r-devel-linux-x86_64-fedora-clang 0.1 99.29 NOTE
r-devel-linux-x86_64-fedora-gcc 0.1 94.71 NOTE
r-devel-windows-x86_64 0.1 8.00 74.00 82.00 NOTE
r-patched-linux-x86_64 0.1 11.11 70.73 81.84 NOTE
r-release-linux-x86_64 0.1 8.04 69.95 77.99 NOTE
r-release-macos-arm64 0.1 31.00 NOTE
r-release-macos-x86_64 0.1 65.00 NOTE
r-release-windows-x86_64 0.1 8.00 76.00 84.00 NOTE
r-oldrel-macos-arm64 0.1 36.00 NOTE
r-oldrel-macos-x86_64 0.1 53.00 NOTE
r-oldrel-windows-x86_64 0.1 10.00 84.00 94.00 NOTE

Check Details

Version: 0.1
Check: LazyData
Result: NOTE 'LazyData' is specified without a 'data' directory Flavors: r-devel-linux-x86_64-debian-clang, r-devel-linux-x86_64-debian-gcc, r-devel-linux-x86_64-fedora-clang, r-devel-linux-x86_64-fedora-gcc, r-devel-windows-x86_64, r-patched-linux-x86_64, r-release-linux-x86_64, r-release-macos-arm64, r-release-macos-x86_64, r-release-windows-x86_64, r-oldrel-macos-arm64, r-oldrel-macos-x86_64, r-oldrel-windows-x86_64

Version: 0.1
Check: Rd cross-references
Result: NOTE Found the following Rd file(s) with Rd \link{} targets missing package anchors: HSDiC_ADMM.Rd: solve.QP Please provide package anchors for all Rd \link{} targets not in the package itself and the base packages. Flavor: r-devel-windows-x86_64