CRAN Package Check Results for Package HSAUR

Last updated on 2024-06-14 05:00:21 CEST.

Flavor Version Tinstall Tcheck Ttotal Status Flags
r-devel-linux-x86_64-debian-clang 1.3-10 3.39 161.18 164.57 OK
r-devel-linux-x86_64-debian-gcc 1.3-10 2.74 117.79 120.53 NOTE
r-devel-linux-x86_64-fedora-clang 1.3-10 212.25 OK
r-devel-linux-x86_64-fedora-gcc 1.3-10 229.20 OK
r-devel-windows-x86_64 1.3-10 5.00 75.00 80.00 OK --no-vignettes
r-patched-linux-x86_64 1.3-10 4.38 154.55 158.93 OK
r-release-linux-x86_64 1.3-10 4.12 158.25 162.37 OK
r-release-macos-arm64 1.3-10 105.00 OK
r-release-macos-x86_64 1.3-10 174.00 OK
r-release-windows-x86_64 1.3-10 5.00 62.00 67.00 OK --no-vignettes
r-oldrel-macos-arm64 1.3-10 140.00 OK
r-oldrel-macos-x86_64 1.3-10 392.00 OK
r-oldrel-windows-x86_64 1.3-10 4.00 71.00 75.00 OK --no-vignettes

Check Details

Version: 1.3-10
Check: package dependencies
Result: NOTE Package suggested but not available for checking: ‘lme4’ Flavor: r-devel-linux-x86_64-debian-gcc

Version: 1.3-10
Check: re-building of vignette outputs
Result: NOTE Note: skipping ‘Ch_analysing_longitudinal_dataI.Rnw’ due to unavailable dependencies: 'lme4' Flavor: r-devel-linux-x86_64-debian-gcc