CRAN Package Check Results for Package GoodmanKruskal

Last updated on 2025-01-19 04:48:56 CET.

Flavor Version Tinstall Tcheck Ttotal Status Flags
r-devel-linux-x86_64-debian-clang 0.0.3 1.62 29.36 30.98 OK
r-devel-linux-x86_64-debian-gcc 0.0.3 1.51 24.64 26.15 OK
r-devel-linux-x86_64-fedora-clang 0.0.3 52.19 OK
r-devel-linux-x86_64-fedora-gcc 0.0.3 65.01 OK
r-devel-windows-x86_64 0.0.3 3.00 47.00 50.00 OK
r-patched-linux-x86_64 0.0.3 1.67 28.46 30.13 NOTE
r-release-linux-x86_64 0.0.3 1.70 28.23 29.93 NOTE
r-release-macos-arm64 0.0.3 24.00 NOTE
r-release-macos-x86_64 0.0.3 35.00 NOTE
r-release-windows-x86_64 0.0.3 3.00 47.00 50.00 NOTE
r-oldrel-macos-arm64 0.0.3 26.00 NOTE
r-oldrel-macos-x86_64 0.0.3 35.00 NOTE
r-oldrel-windows-x86_64 0.0.3 3.00 49.00 52.00 NOTE

Check Details

Version: 0.0.3
Check: LazyData
Result: NOTE 'LazyData' is specified without a 'data' directory Flavors: r-patched-linux-x86_64, r-release-linux-x86_64, r-release-macos-arm64, r-release-macos-x86_64, r-release-windows-x86_64, r-oldrel-macos-arm64, r-oldrel-macos-x86_64, r-oldrel-windows-x86_64