CRAN Package Check Results for Package GillespieSSA2

Last updated on 2024-07-15 16:56:22 CEST.

Flavor Version Tinstall Tcheck Ttotal Status Flags
r-devel-linux-x86_64-debian-clang 0.3.0 90.96 648.07 739.03 OK
r-devel-linux-x86_64-debian-gcc 0.3.0 63.01 387.27 450.28 OK
r-devel-linux-x86_64-fedora-clang 0.3.0 954.80 OK
r-devel-linux-x86_64-fedora-gcc 0.3.0 918.63 OK
r-devel-windows-x86_64 0.3.0 79.00 512.00 591.00 OK
r-patched-linux-x86_64 0.3.0 78.01 533.76 611.77 OK
r-release-linux-x86_64 0.3.0 59.74 536.02 595.76 OK
r-release-macos-arm64 0.3.0 215.00 NOTE
r-release-macos-x86_64 0.3.0 359.00 NOTE
r-release-windows-x86_64 0.3.0 76.00 514.00 590.00 OK
r-oldrel-macos-arm64 0.3.0 241.00 NOTE
r-oldrel-macos-x86_64 0.3.0 422.00 NOTE
r-oldrel-windows-x86_64 0.3.0 94.00 655.00 749.00 OK

Check Details

Version: 0.3.0
Check: installed package size
Result: NOTE installed size is 5.7Mb sub-directories of 1Mb or more: doc 1.7Mb libs 3.4Mb Flavors: r-release-macos-arm64, r-release-macos-x86_64, r-oldrel-macos-arm64, r-oldrel-macos-x86_64