CRAN Package Check Results for Package GUTS

Last updated on 2024-06-25 16:49:02 CEST.

Flavor Version Tinstall Tcheck Ttotal Status Flags
r-devel-linux-x86_64-debian-clang 1.2.5 OK
r-devel-linux-x86_64-debian-gcc 1.2.5 25.86 55.05 80.91 OK
r-devel-linux-x86_64-fedora-clang 1.2.5 148.25 OK
r-devel-linux-x86_64-fedora-gcc 1.2.5 166.10 OK
r-devel-windows-x86_64 1.2.5 29.00 91.00 120.00 OK
r-patched-linux-x86_64 1.2.5 32.92 68.67 101.59 OK
r-release-linux-x86_64 1.2.5 32.40 69.26 101.66 OK
r-release-macos-arm64 1.2.5 41.00 NOTE
r-release-macos-x86_64 1.2.5 64.00 NOTE
r-release-windows-x86_64 1.2.5 30.00 100.00 130.00 OK
r-oldrel-macos-arm64 1.2.5 50.00 NOTE
r-oldrel-macos-x86_64 1.2.5 113.00 NOTE
r-oldrel-windows-x86_64 1.2.5 29.00 108.00 137.00 OK

Check Details

Version: 1.2.5
Check: installed package size
Result: NOTE installed size is 5.4Mb sub-directories of 1Mb or more: extdata 2.5Mb libs 2.3Mb Flavors: r-release-macos-arm64, r-release-macos-x86_64, r-oldrel-macos-arm64, r-oldrel-macos-x86_64