CRAN Package Check Results for Package GMMAT

Last updated on 2024-07-15 04:48:36 CEST.

Flavor Version Tinstall Tcheck Ttotal Status Flags
r-devel-linux-x86_64-debian-clang 1.4.2 63.46 312.51 375.97 OK
r-devel-linux-x86_64-debian-gcc 1.4.2 46.37 255.54 301.91 OK
r-devel-linux-x86_64-fedora-clang 1.4.2 452.92 OK
r-devel-linux-x86_64-fedora-gcc 1.4.2 531.69 OK
r-devel-windows-x86_64 1.4.2 65.00 342.00 407.00 NOTE
r-patched-linux-x86_64 1.4.2 54.80 337.74 392.54 OK
r-release-linux-x86_64 1.4.2 55.02 342.37 397.39 OK
r-release-macos-arm64 1.4.2 175.00 NOTE
r-release-macos-x86_64 1.4.2 396.00 NOTE
r-release-windows-x86_64 1.4.2 66.00 336.00 402.00 NOTE
r-oldrel-macos-arm64 1.4.2 321.00 NOTE
r-oldrel-macos-x86_64 1.4.2 953.00 NOTE
r-oldrel-windows-x86_64 1.4.2 79.00 365.00 444.00 NOTE

Additional issues

noSuggests

Check Details

Version: 1.4.2
Check: package dependencies
Result: NOTE Package suggested but not available for checking: 'doMC' Flavors: r-devel-windows-x86_64, r-release-windows-x86_64, r-oldrel-windows-x86_64

Version: 1.4.2
Check: package dependencies
Result: NOTE Packages suggested but not available for checking: 'SeqArray', 'SeqVarTools' Flavor: r-release-macos-arm64

Version: 1.4.2
Check: installed package size
Result: NOTE installed size is 7.6Mb sub-directories of 1Mb or more: libs 5.7Mb Flavors: r-release-macos-arm64, r-release-macos-x86_64, r-oldrel-macos-arm64, r-oldrel-macos-x86_64

Version: 1.4.2
Check: package dependencies
Result: NOTE Package suggested but not available for checking: ‘SeqVarTools’ Flavor: r-oldrel-macos-x86_64