CRAN Package Check Results for Package GGEBiplots

Last updated on 2024-06-14 05:00:19 CEST.

Flavor Version Tinstall Tcheck Ttotal Status Flags
r-devel-linux-x86_64-debian-clang 0.1.3 7.92 64.49 72.41 OK
r-devel-linux-x86_64-debian-gcc 0.1.3 0.35 1.73 2.08 ERROR
r-devel-linux-x86_64-fedora-clang 0.1.3 90.08 NOTE
r-devel-linux-x86_64-fedora-gcc 0.1.3 83.61 OK
r-devel-windows-x86_64 0.1.3 7.00 65.00 72.00 OK
r-patched-linux-x86_64 0.1.3 6.90 62.91 69.81 OK
r-release-linux-x86_64 0.1.3 6.01 61.22 67.23 OK
r-release-macos-arm64 0.1.3 28.00 OK
r-release-macos-x86_64 0.1.3 40.00 OK
r-release-windows-x86_64 0.1.3 9.00 57.00 66.00 WARN
r-oldrel-macos-arm64 0.1.3 31.00 OK
r-oldrel-macos-x86_64 0.1.3 43.00 OK
r-oldrel-windows-x86_64 0.1.3 10.00 78.00 88.00 OK

Check Details

Version: 0.1.3
Check: package dependencies
Result: ERROR Packages required but not available: 'ggplot2', 'ggforce' See section ‘The DESCRIPTION file’ in the ‘Writing R Extensions’ manual. Flavor: r-devel-linux-x86_64-debian-gcc

Version: 0.1.3
Check: Rd cross-references
Result: NOTE Undeclared package ‘gge’ in Rd xrefs Flavor: r-devel-linux-x86_64-fedora-clang

Version: 0.1.3
Check: S3 generic/method consistency
Result: WARN During startup - Warning messages: 1: package 'utils' in options("defaultPackages") was not found 2: In doTryCatch(return(expr), name, parentenv, handler) : restarting interrupted promise evaluation See section 'Generic functions and methods' in the 'Writing R Extensions' manual. Flavor: r-release-windows-x86_64