CRAN Package Check Results for Package GEInfo

Last updated on 2024-06-14 05:00:18 CEST.

Flavor Version Tinstall Tcheck Ttotal Status Flags
r-devel-linux-x86_64-debian-clang 1.0 5.29 52.08 57.37 OK
r-devel-linux-x86_64-debian-gcc 1.0 0.23 1.57 1.80 ERROR
r-devel-linux-x86_64-fedora-clang 1.0 72.01 OK
r-devel-linux-x86_64-fedora-gcc 1.0 67.69 OK
r-devel-windows-x86_64 1.0 6.00 58.00 64.00 OK
r-patched-linux-x86_64 1.0 7.22 48.57 55.79 OK
r-release-linux-x86_64 1.0 6.16 50.15 56.31 OK
r-release-macos-arm64 1.0 22.00 OK
r-release-macos-x86_64 1.0 37.00 OK
r-release-windows-x86_64 1.0 7.00 39.00 46.00 ERROR
r-oldrel-macos-arm64 1.0 27.00 OK
r-oldrel-macos-x86_64 1.0 39.00 OK
r-oldrel-windows-x86_64 1.0 8.00 64.00 72.00 OK

Check Details

Version: 1.0
Check: package dependencies
Result: ERROR Packages required but not available: 'rvest', 'dplyr' See section ‘The DESCRIPTION file’ in the ‘Writing R Extensions’ manual. Flavor: r-devel-linux-x86_64-debian-gcc

Version: 1.0
Check: examples
Result: ERROR Running examples in 'GEInfo-Ex.R' failed The error occurred in: Flavor: r-release-windows-x86_64

Version: 1.0
Check: PDF version of manual
Result: WARN LaTeX errors when creating PDF version. This typically indicates Rd problems. Flavor: r-release-windows-x86_64

Version: 1.0
Check: PDF version of manual without index
Result: ERROR Re-running with no redirection of stdout/stderr. Flavor: r-release-windows-x86_64