CRAN Package Check Results for Package GADAG

Last updated on 2024-06-14 16:54:04 CEST.

Flavor Version Tinstall Tcheck Ttotal Status Flags
r-devel-linux-x86_64-debian-clang 0.99.0 38.55 43.09 81.64 NOTE
r-devel-linux-x86_64-debian-gcc 0.99.0 24.31 33.27 57.58 NOTE
r-devel-linux-x86_64-fedora-clang 0.99.0 106.53 NOTE
r-devel-linux-x86_64-fedora-gcc 0.99.0 105.53 NOTE
r-devel-windows-x86_64 0.99.0 29.00 71.00 100.00 NOTE
r-patched-linux-x86_64 0.99.0 26.52 42.28 68.80 NOTE
r-release-linux-x86_64 0.99.0 30.46 42.04 72.50 NOTE
r-release-macos-arm64 0.99.0 30.00 NOTE
r-release-macos-x86_64 0.99.0 46.00 NOTE
r-release-windows-x86_64 0.99.0 30.00 73.00 103.00 NOTE
r-oldrel-macos-arm64 0.99.0 34.00 OK
r-oldrel-macos-x86_64 0.99.0 46.00 OK
r-oldrel-windows-x86_64 0.99.0 36.00 82.00 118.00 OK

Check Details

Version: 0.99.0
Check: Rd files
Result: NOTE checkRd: (-1) GADAG_Run.Rd:22: Lost braces in \itemize; meant \describe ? checkRd: (-1) GADAG_Run.Rd:23: Lost braces in \itemize; meant \describe ? checkRd: (-1) GADAG_Run.Rd:24: Lost braces in \itemize; meant \describe ? checkRd: (-1) GADAG_Run.Rd:25: Lost braces in \itemize; meant \describe ? checkRd: (-1) GADAG_Run.Rd:26: Lost braces in \itemize; meant \describe ? checkRd: (-1) GADAG_Run.Rd:27: Lost braces in \itemize; meant \describe ? checkRd: (-1) GADAG_Run.Rd:32: Lost braces in \itemize; meant \describe ? checkRd: (-1) GADAG_Run.Rd:33: Lost braces in \itemize; meant \describe ? checkRd: (-1) GADAG_Run.Rd:45: Lost braces in \itemize; \value handles \item{}{} directly checkRd: (-1) GADAG_Run.Rd:46: Lost braces in \itemize; \value handles \item{}{} directly checkRd: (-1) GADAG_Run.Rd:47: Lost braces in \itemize; \value handles \item{}{} directly checkRd: (-1) GADAG_Run.Rd:48: Lost braces in \itemize; \value handles \item{}{} directly checkRd: (-1) GADAG_Run.Rd:49: Lost braces in \itemize; \value handles \item{}{} directly checkRd: (-1) GADAG_Run.Rd:50: Lost braces in \itemize; \value handles \item{}{} directly checkRd: (-1) GADAG_Run.Rd:51: Lost braces in \itemize; \value handles \item{}{} directly checkRd: (-1) GADAG_Run.Rd:52: Lost braces in \itemize; \value handles \item{}{} directly checkRd: (-1) GADAG_Run.Rd:53: Lost braces in \itemize; \value handles \item{}{} directly checkRd: (-1) GADAG_Run.Rd:54: Lost braces in \itemize; \value handles \item{}{} directly checkRd: (-1) GADAG_Run.Rd:55: Lost braces in \itemize; \value handles \item{}{} directly checkRd: (-1) GADAG_Run.Rd:56: Lost braces in \itemize; \value handles \item{}{} directly checkRd: (-1) evaluation.Rd:21: Lost braces in \itemize; meant \describe ? checkRd: (-1) evaluation.Rd:22: Lost braces in \itemize; meant \describe ? checkRd: (-1) evaluation.Rd:30: Lost braces in \itemize; \value handles \item{}{} directly checkRd: (-1) evaluation.Rd:31: Lost braces in \itemize; \value handles \item{}{} directly checkRd: (-1) evaluation.Rd:36: Lost braces in \itemize; \value handles \item{}{} directly checkRd: (-1) evaluation.Rd:37: Lost braces in \itemize; \value handles \item{}{} directly checkRd: (-1) generateToyData.Rd:29: Lost braces in \itemize; meant \describe ? checkRd: (-1) generateToyData.Rd:30: Lost braces in \itemize; meant \describe ? checkRd: (-1) generateToyData.Rd:31: Lost braces in \itemize; meant \describe ? checkRd: (-1) generateToyData.Rd:32: Lost braces in \itemize; meant \describe ? checkRd: (-1) generateToyData.Rd:33: Lost braces in \itemize; meant \describe ? checkRd: (-1) generateToyData.Rd:34: Lost braces in \itemize; meant \describe ? Flavors: r-devel-linux-x86_64-debian-clang, r-devel-linux-x86_64-debian-gcc, r-devel-linux-x86_64-fedora-clang, r-devel-linux-x86_64-fedora-gcc, r-devel-windows-x86_64, r-patched-linux-x86_64, r-release-linux-x86_64, r-release-macos-arm64, r-release-macos-x86_64, r-release-windows-x86_64