CRAN Package Check Results for Package ForeCA

Last updated on 2024-06-22 17:57:32 CEST.

Flavor Version Tinstall Tcheck Ttotal Status Flags
r-devel-linux-x86_64-debian-clang 0.2.7 6.95 256.55 263.50 NOTE
r-devel-linux-x86_64-debian-gcc 0.2.7 4.66 153.83 158.49 NOTE
r-devel-linux-x86_64-fedora-clang 0.2.7 302.73 NOTE
r-devel-linux-x86_64-fedora-gcc 0.2.7 300.87 NOTE
r-devel-windows-x86_64 0.2.7 6.00 157.00 163.00 NOTE
r-patched-linux-x86_64 0.2.7 6.93 234.47 241.40 NOTE
r-release-linux-x86_64 0.2.7 5.71 237.14 242.85 NOTE
r-release-macos-arm64 0.2.7 68.00 NOTE
r-release-macos-x86_64 0.2.7 118.00 NOTE
r-release-windows-x86_64 0.2.7 6.00 165.00 171.00 NOTE
r-oldrel-macos-arm64 0.2.7 75.00 OK
r-oldrel-macos-x86_64 0.2.7 138.00 OK
r-oldrel-windows-x86_64 0.2.7 8.00 211.00 219.00 OK

Check Details

Version: 0.2.7
Check: Rd files
Result: NOTE checkRd: (-1) foreca.Rd:77: Lost braces in \itemize; \value handles \item{}{} directly checkRd: (-1) foreca.Rd:78-80: Lost braces in \itemize; \value handles \item{}{} directly checkRd: (-1) foreca.Rd:81-83: Lost braces in \itemize; \value handles \item{}{} directly checkRd: (-1) foreca.Rd:84-87: Lost braces in \itemize; \value handles \item{}{} directly checkRd: (-1) foreca.Rd:88-90: Lost braces in \itemize; \value handles \item{}{} directly checkRd: (-1) foreca.Rd:91-92: Lost braces in \itemize; \value handles \item{}{} directly checkRd: (-1) foreca.Rd:93: Lost braces in \itemize; \value handles \item{}{} directly checkRd: (-1) initialize_weightvector.Rd:53-54: Lost braces in \itemize; meant \describe ? checkRd: (-1) initialize_weightvector.Rd:55: Lost braces in \itemize; meant \describe ? checkRd: (-1) initialize_weightvector.Rd:56: Lost braces in \itemize; meant \describe ? checkRd: (-1) initialize_weightvector.Rd:57: Lost braces in \itemize; meant \describe ? checkRd: (-1) initialize_weightvector.Rd:58: Lost braces in \itemize; meant \describe ? checkRd: (-1) initialize_weightvector.Rd:59: Lost braces in \itemize; meant \describe ? checkRd: (-1) initialize_weightvector.Rd:60-61: Lost braces in \itemize; meant \describe ? checkRd: (-1) initialize_weightvector.Rd:62: Lost braces in \itemize; meant \describe ? checkRd: (-1) initialize_weightvector.Rd:63: Lost braces in \itemize; meant \describe ? checkRd: (-1) initialize_weightvector.Rd:64-65: Lost braces in \itemize; meant \describe ? Flavors: r-devel-linux-x86_64-debian-clang, r-devel-linux-x86_64-debian-gcc, r-devel-linux-x86_64-fedora-clang, r-devel-linux-x86_64-fedora-gcc, r-devel-windows-x86_64, r-patched-linux-x86_64, r-release-linux-x86_64, r-release-macos-arm64, r-release-macos-x86_64, r-release-windows-x86_64