CRAN Package Check Results for Package FlexVarJM

Last updated on 2024-06-13 16:49:07 CEST.

Flavor Version Tinstall Tcheck Ttotal Status Flags
r-devel-linux-x86_64-debian-clang 0.1.0 57.89 110.36 168.25 OK
r-devel-linux-x86_64-debian-gcc 0.1.0 0.34 1.72 2.06 ERROR
r-devel-linux-x86_64-fedora-clang 0.1.0 213.89 OK
r-devel-linux-x86_64-fedora-gcc 0.1.0 221.78 OK
r-devel-windows-x86_64 0.1.0 43.00 107.00 150.00 OK
r-patched-linux-x86_64 0.1.0 44.57 106.21 150.78 OK
r-release-linux-x86_64 0.1.0 45.14 109.05 154.19 OK
r-release-macos-arm64 0.1.0 60.00 OK
r-release-macos-x86_64 0.1.0 86.00 OK
r-release-windows-x86_64 0.1.0 40.00 117.00 157.00 OK
r-oldrel-macos-arm64 0.1.0 43.00 OK
r-oldrel-macos-x86_64 0.1.0 83.00 OK
r-oldrel-windows-x86_64 0.1.0 54.00 143.00 197.00 OK

Check Details

Version: 0.1.0
Check: package dependencies
Result: ERROR Packages required but not available: 'ggplot2', 'survminer' See section ‘The DESCRIPTION file’ in the ‘Writing R Extensions’ manual. Flavor: r-devel-linux-x86_64-debian-gcc