CRAN Package Check Results for Package FisPro

Last updated on 2024-07-23 16:49:04 CEST.

Flavor Version Tinstall Tcheck Ttotal Status Flags
r-devel-linux-x86_64-debian-clang 1.1.4 175.90 99.38 275.28 OK
r-devel-linux-x86_64-debian-gcc 1.1.4 149.27 74.67 223.94 OK
r-devel-linux-x86_64-fedora-clang 1.1.4 483.13 OK
r-devel-linux-x86_64-fedora-gcc 1.1.4 483.08 OK
r-devel-windows-x86_64 1.1.4 172.00 125.00 297.00 NOTE
r-patched-linux-x86_64 1.1.4 217.42 96.18 313.60 OK
r-release-linux-x86_64 1.1.4 179.49 96.31 275.80 OK
r-release-macos-arm64 1.1.4 97.00 NOTE
r-release-macos-x86_64 1.1.4 107.00 NOTE
r-release-windows-x86_64 1.1.4 198.00 125.00 323.00 NOTE
r-oldrel-macos-arm64 1.1.4 120.00 NOTE
r-oldrel-macos-x86_64 1.1.4 213.00 NOTE
r-oldrel-windows-x86_64 1.1.4 200.00 148.00 348.00 NOTE

Check Details

Version: 1.1.4
Check: installed package size
Result: NOTE installed size is 5.7Mb sub-directories of 1Mb or more: lib 3.0Mb libs 2.4Mb Flavors: r-devel-windows-x86_64, r-release-macos-arm64, r-release-macos-x86_64, r-release-windows-x86_64, r-oldrel-macos-arm64, r-oldrel-macos-x86_64, r-oldrel-windows-x86_64