CRAN Package Check Results for Package FSA

Last updated on 2024-06-13 04:52:24 CEST.

Flavor Version Tinstall Tcheck Ttotal Status Flags
r-devel-linux-x86_64-debian-clang 0.9.5 12.27 160.34 172.61 NOTE
r-devel-linux-x86_64-debian-gcc 0.9.5 0.48 1.79 2.27 ERROR
r-devel-linux-x86_64-fedora-clang 0.9.5 214.16 NOTE
r-devel-linux-x86_64-fedora-gcc 0.9.5 198.63 NOTE
r-devel-windows-x86_64 0.9.5 15.00 142.00 157.00 NOTE
r-patched-linux-x86_64 0.9.5 17.99 151.21 169.20 NOTE
r-release-linux-x86_64 0.9.5 13.93 153.23 167.16 NOTE
r-release-macos-arm64 0.9.5 53.00 NOTE
r-release-macos-x86_64 0.9.5 80.00 NOTE
r-release-windows-x86_64 0.9.5 16.00 160.00 176.00 NOTE
r-oldrel-macos-arm64 0.9.5 55.00 OK
r-oldrel-macos-x86_64 0.9.5 149.00 OK
r-oldrel-windows-x86_64 0.9.5 19.00 187.00 206.00 OK

Check Details

Version: 0.9.5
Check: Rd files
Result: NOTE checkRd: (-1) boot.Rd:57: Lost braces 57 | \item{plot}{A logical that indicates whether a plot should be constructed. If \code{confint} then a histogram of the \code{parm} parameters from the bootstrap samples with error bars that illustrate the bootstrapped confidence intervals will be constructed. If code{htest} then a histogram of the \code{parm} parameters with a vertical line illustrating the \code{bo} value will be constructed.} | ^ checkRd: (-1) knitUtil.Rd:75: Lost braces 75 | \item{addTOC}{A logical that indicates whether or not a table of contents entry for the reproducibility section should be added to the LaTeX output. Used only if \R{out="latex"}} | ^ checkRd: (-1) knitUtil.Rd:77: Lost braces 77 | \item{newpage}{A logical that indicates whether or not the reproducibility information should begin on a new page. Used only if \R{out="latex"}} | ^ checkRd: (-1) knitUtil.Rd:79: Lost braces 79 | \item{links}{A named character vector that will add a links bullet to the reproducibility information. The names will be shown and the values are the links. Used only if \R{out="markdown}.} | ^ checkRd: (-1) nlsBoot.Rd:46: Lost braces 46 | \item{plot}{A logical that indicates whether a plot should be constructed. If \code{confint}, then a histogram of the \code{parm} parameters from the bootstrap samples with error bars that illustrate the bootstrapped confidence intervals will be constructed. If code{htest}, then a histogram of the \code{parm} parameters with a vertical lines illustrating the \code{bo}value will be constructed.} | ^ checkRd: (-1) psdCI.Rd:27: Lost braces 27 | \item{bin.type}{A string that identifies the type of method to use for calculation of the confidence intervals when \R{method="binomial"}. See details of \code{\link{binCI}}.} | ^ Flavors: r-devel-linux-x86_64-debian-clang, r-devel-linux-x86_64-fedora-clang, r-devel-linux-x86_64-fedora-gcc, r-devel-windows-x86_64, r-patched-linux-x86_64, r-release-linux-x86_64, r-release-macos-arm64, r-release-macos-x86_64, r-release-windows-x86_64

Version: 0.9.5
Check: package dependencies
Result: ERROR Package required but not available: ‘car’ Packages suggested but not available for checking: 'DescTools', 'dplyr', 'fishmethods', 'marked', 'pkgdown', 'testthat', 'tibble' See section ‘The DESCRIPTION file’ in the ‘Writing R Extensions’ manual. Flavor: r-devel-linux-x86_64-debian-gcc