CRAN Package Check Results for Package FIESTAutils

Last updated on 2024-07-23 04:57:37 CEST.

Flavor Version Tinstall Tcheck Ttotal Status Flags
r-devel-linux-x86_64-debian-clang 1.2.3 34.91 158.56 193.47 OK
r-devel-linux-x86_64-debian-gcc 1.2.3 24.83 115.68 140.51 NOTE
r-devel-linux-x86_64-fedora-clang 1.2.3 249.08 OK
r-devel-linux-x86_64-fedora-gcc 1.2.3 225.52 OK
r-devel-windows-x86_64 1.2.3 33.00 134.00 167.00 NOTE
r-patched-linux-x86_64 1.2.3 34.08 150.15 184.23 OK
r-release-linux-x86_64 1.2.3 22.77 148.88 171.65 OK
r-release-macos-arm64 1.2.3 56.00 OK
r-release-macos-x86_64 1.2.3 83.00 OK
r-release-windows-x86_64 1.2.3 35.00 128.00 163.00 OK
r-oldrel-macos-arm64 1.2.3 54.00 OK
r-oldrel-macos-x86_64 1.2.3 178.00 OK
r-oldrel-windows-x86_64 1.2.3 41.00 162.00 203.00 OK

Check Details

Version: 1.2.3
Check: Rd cross-references
Result: NOTE Found the following Rd file(s) with Rd \link{} targets missing package anchors: Rcpp_CmbTable-class.Rd: C++Object-class Rcpp_RunningStats-class.Rd: C++Object-class Please provide package anchors for all Rd \link{} targets not in the package itself and the base packages. Flavors: r-devel-linux-x86_64-debian-gcc, r-devel-windows-x86_64