CRAN Package Check Results for Package FCSlib

Last updated on 2024-07-16 04:56:07 CEST.

Flavor Version Tinstall Tcheck Ttotal Status Flags
r-devel-linux-x86_64-debian-clang 1.3.0 11.07 66.89 77.96 NOTE
r-devel-linux-x86_64-debian-gcc 1.3.0 8.52 48.77 57.29 NOTE
r-devel-linux-x86_64-fedora-clang 1.3.0 94.67 NOTE
r-devel-linux-x86_64-fedora-gcc 1.3.0 87.60 NOTE
r-devel-windows-x86_64 1.3.0 9.00 75.00 84.00 NOTE
r-patched-linux-x86_64 1.3.0 13.79 63.66 77.45 NOTE
r-release-linux-x86_64 1.3.0 9.65 64.16 73.81 NOTE
r-release-macos-arm64 1.3.0 28.00 NOTE
r-release-macos-x86_64 1.3.0 46.00 NOTE
r-release-windows-x86_64 1.3.0 9.00 72.00 81.00 NOTE
r-oldrel-macos-arm64 1.3.0 35.00 OK
r-oldrel-macos-x86_64 1.3.0 57.00 NOTE
r-oldrel-windows-x86_64 1.3.0 13.00 81.00 94.00 OK

Additional issues

donttest

Check Details

Version: 1.3.0
Check: Rd files
Result: NOTE checkRd: (-1) fcs.Rd:36: Lost braces; missing escapes or markup? 36 | The argument nPoints must be smaller than the total number of temporal observations N, it is recommended to set nPoints = 2^n, with n = {2, ..., infinity}. | ^ Flavors: r-devel-linux-x86_64-debian-clang, r-devel-linux-x86_64-debian-gcc, r-devel-linux-x86_64-fedora-clang, r-devel-linux-x86_64-fedora-gcc, r-devel-windows-x86_64, r-patched-linux-x86_64, r-release-linux-x86_64, r-release-macos-arm64, r-release-macos-x86_64, r-release-windows-x86_64

Version: 1.3.0
Check: Rd cross-references
Result: NOTE Found the following Rd file(s) with Rd \link{} targets missing package anchors: readFileTiff.Rd: readTIFF writeFileTiff.Rd: writeTIFF Please provide package anchors for all Rd \link{} targets not in the package itself and the base packages. Flavor: r-devel-windows-x86_64

Version: 1.3.0
Check: installed package size
Result: NOTE installed size is 5.9Mb sub-directories of 1Mb or more: data 5.8Mb Flavors: r-release-macos-x86_64, r-oldrel-macos-x86_64