CRAN Package Check Results for Package FCO

Last updated on 2024-06-13 16:49:07 CEST.

Flavor Version Tinstall Tcheck Ttotal Status Flags
r-devel-linux-x86_64-debian-clang 0.8.0 3.91 352.51 356.42 OK
r-devel-linux-x86_64-debian-gcc 0.8.0 2.83 39.06 41.89 ERROR
r-devel-linux-x86_64-fedora-clang 0.8.0 448.33 OK
r-devel-linux-x86_64-fedora-gcc 0.8.0 450.35 OK
r-devel-windows-x86_64 0.8.0 3.00 208.00 211.00 OK
r-patched-linux-x86_64 0.8.0 2.62 350.24 352.86 OK
r-release-linux-x86_64 0.8.0 3.51 336.42 339.93 OK
r-release-macos-arm64 0.8.0 91.00 OK
r-release-macos-x86_64 0.8.0 174.00 OK
r-release-windows-x86_64 0.8.0 4.00 227.00 231.00 OK
r-oldrel-macos-arm64 0.8.0 95.00 OK
r-oldrel-macos-x86_64 0.8.0 170.00 OK
r-oldrel-windows-x86_64 0.8.0 5.00 265.00 270.00 OK

Check Details

Version: 0.8.0
Check: package dependencies
Result: NOTE Packages suggested but not available for checking: 'ggplot2', 'testthat' Flavor: r-devel-linux-x86_64-debian-gcc

Version: 0.8.0
Check: tests
Result: ERROR Running ‘testthat.R’ [0s/1s] Running the tests in ‘tests/testthat.R’ failed. Complete output: > library(testthat) Error in library(testthat) : there is no package called 'testthat' Execution halted Flavor: r-devel-linux-x86_64-debian-gcc

Version: 0.8.0
Check: re-building of vignette outputs
Result: ERROR Error(s) in re-building vignettes: ... --- re-building ‘FCO.Rmd’ using rmarkdown Quitting from lines 11-18 [unnamed-chunk-1] (FCO.Rmd) Error: processing vignette 'FCO.Rmd' failed with diagnostics: there is no package called 'ggplot2' --- failed re-building ‘FCO.Rmd’ SUMMARY: processing the following file failed: ‘FCO.Rmd’ Error: Vignette re-building failed. Execution halted Flavor: r-devel-linux-x86_64-debian-gcc