CRAN Package Check Results for Package Evacluster

Last updated on 2024-06-13 16:49:06 CEST.

Flavor Version Tinstall Tcheck Ttotal Status Flags
r-devel-linux-x86_64-debian-clang 0.1.0 2.34 40.53 42.87 NOTE
r-devel-linux-x86_64-debian-gcc 0.1.0 2.14 24.22 26.36 ERROR
r-devel-linux-x86_64-fedora-clang 0.1.0 56.50 NOTE
r-devel-linux-x86_64-fedora-gcc 0.1.0 51.92 NOTE
r-devel-windows-x86_64 0.1.0 4.00 58.00 62.00 NOTE
r-patched-linux-x86_64 0.1.0 2.67 39.72 42.39 NOTE
r-release-linux-x86_64 0.1.0 2.77 38.62 41.39 NOTE
r-release-macos-arm64 0.1.0 19.00 NOTE
r-release-macos-x86_64 0.1.0 31.00 NOTE
r-release-windows-x86_64 0.1.0 3.00 60.00 63.00 NOTE
r-oldrel-macos-arm64 0.1.0 21.00 OK
r-oldrel-macos-x86_64 0.1.0 33.00 OK
r-oldrel-windows-x86_64 0.1.0 3.00 64.00 67.00 OK

Check Details

Version: 0.1.0
Check: Rd files
Result: NOTE checkRd: (-1) FuzzyCluster.Rd:15: Lost braces; missing escapes or markup? 15 | A list of cluster labels and a R object of class "fcm {ppclust}" | ^ checkRd: (-1) pamCluster.Rd:15: Lost braces; missing escapes or markup? 15 | A list of cluster labels and a R object of class "pam {cluster}" | ^ Flavors: r-devel-linux-x86_64-debian-clang, r-devel-linux-x86_64-debian-gcc, r-devel-linux-x86_64-fedora-clang, r-devel-linux-x86_64-fedora-gcc, r-devel-windows-x86_64, r-patched-linux-x86_64, r-release-linux-x86_64, r-release-macos-arm64, r-release-macos-x86_64, r-release-windows-x86_64

Version: 0.1.0
Check: package dependencies
Result: NOTE Packages suggested but not available for checking: 'FRESA.CAD', 'NMF' Flavor: r-devel-linux-x86_64-debian-gcc

Version: 0.1.0
Check: examples
Result: ERROR Running examples in ‘Evacluster-Ex.R’ failed The error most likely occurred in: > base::assign(".ptime", proc.time(), pos = "CheckExEnv") > ### Name: nmfCluster > ### Title: Non-negative matrix factorization (NMF) > ### Aliases: nmfCluster > > ### ** Examples > > library(datasets) > data(iris) > > rndSamples <- sample(nrow(iris),100) > trainData <- iris[rndSamples,] > testData <- iris[-rndSamples,] > > cls <- nmfCluster(trainData[,1:4],rank=3) Error in loadNamespace(x) : there is no package called ‘NMF’ Calls: nmfCluster ... loadNamespace -> withRestarts -> withOneRestart -> doWithOneRestart Execution halted Flavor: r-devel-linux-x86_64-debian-gcc