CRAN Package Check Results for Package EstimationTools

Last updated on 2024-07-17 16:52:16 CEST.

Flavor Version Tinstall Tcheck Ttotal Status Flags
r-devel-linux-x86_64-debian-clang 4.0.0 15.52 251.12 266.64 NOTE
r-devel-linux-x86_64-debian-gcc 4.0.0 10.75 196.23 206.98 NOTE
r-devel-linux-x86_64-fedora-clang 4.0.0 349.17 NOTE
r-devel-linux-x86_64-fedora-gcc 4.0.0 367.19 NOTE
r-devel-windows-x86_64 4.0.0 14.00 241.00 255.00 NOTE
r-patched-linux-x86_64 4.0.0 16.91 247.94 264.85 NOTE
r-release-linux-x86_64 4.0.0 12.58 239.18 251.76 NOTE
r-release-macos-arm64 4.0.0 92.00 NOTE
r-release-macos-x86_64 4.0.0 165.00 NOTE
r-release-windows-x86_64 4.0.0 13.00 243.00 256.00 NOTE
r-oldrel-macos-arm64 4.0.0 117.00 OK
r-oldrel-macos-x86_64 4.0.0 182.00 OK
r-oldrel-windows-x86_64 4.0.0 17.00 315.00 332.00 OK

Check Details

Version: 4.0.0
Check: Rd files
Result: NOTE checkRd: (-1) integration.Rd:37-38: Lost braces in \itemize; meant \describe ? checkRd: (-1) integration.Rd:39: Lost braces in \itemize; meant \describe ? checkRd: (-1) integration.Rd:40: Lost braces in \itemize; meant \describe ? checkRd: (-1) integration.Rd:41-42: Lost braces in \itemize; meant \describe ? checkRd: (-1) loess.options.Rd:25-26: Lost braces in \itemize; meant \describe ? checkRd: (-1) loess.options.Rd:27-28: Lost braces in \itemize; meant \describe ? checkRd: (-1) maxlogLreg.Rd:138: Lost braces; missing escapes or markup? 138 | $j^{th}$ for all the observations. | ^ Flavors: r-devel-linux-x86_64-debian-clang, r-devel-linux-x86_64-debian-gcc, r-devel-linux-x86_64-fedora-clang, r-devel-linux-x86_64-fedora-gcc, r-devel-windows-x86_64, r-patched-linux-x86_64, r-release-linux-x86_64, r-release-macos-arm64, r-release-macos-x86_64, r-release-windows-x86_64

Version: 4.0.0
Check: Rd cross-references
Result: NOTE Found the following Rd file(s) with Rd \link{} targets missing package anchors: maxlogL.Rd: DEoptim maxlogLreg.Rd: DEoptim, DEoptim.control Please provide package anchors for all Rd \link{} targets not in the package itself and the base packages. Flavor: r-devel-windows-x86_64