CRAN Package Check Results for Package EpiInvert

Last updated on 2024-07-15 04:48:34 CEST.

Flavor Version Tinstall Tcheck Ttotal Status Flags
r-devel-linux-x86_64-debian-clang 0.3.1 50.96 49.16 100.12 NOTE
r-devel-linux-x86_64-debian-gcc 0.3.1 37.82 38.16 75.98 NOTE
r-devel-linux-x86_64-fedora-clang 0.3.1 139.67 NOTE
r-devel-linux-x86_64-fedora-gcc 0.3.1 142.64 NOTE
r-devel-windows-x86_64 0.3.1 41.00 77.00 118.00 NOTE
r-patched-linux-x86_64 0.3.1 43.78 48.44 92.22 NOTE
r-release-linux-x86_64 0.3.1 40.48 47.80 88.28 NOTE
r-release-macos-arm64 0.3.1 35.00 NOTE
r-release-macos-x86_64 0.3.1 46.00 NOTE
r-release-windows-x86_64 0.3.1 39.00 78.00 117.00 NOTE
r-oldrel-macos-arm64 0.3.1 39.00 NOTE
r-oldrel-macos-x86_64 0.3.1 69.00 NOTE
r-oldrel-windows-x86_64 0.3.1 40.00 89.00 129.00 OK

Check Details

Version: 0.3.1
Check: Rd files
Result: NOTE checkRd: (-1) EpiIndicators.Rd:23: Lost braces in \itemize; meant \describe ? checkRd: (-1) EpiIndicators.Rd:24: Lost braces in \itemize; meant \describe ? checkRd: (-1) EpiIndicators.Rd:25: Lost braces in \itemize; meant \describe ? checkRd: (-1) EpiIndicators.Rd:26: Lost braces in \itemize; meant \describe ? checkRd: (-1) EpiIndicators.Rd:27-28: Lost braces in \itemize; meant \describe ? checkRd: (-1) EpiIndicators.Rd:29-31: Lost braces in \itemize; meant \describe ? checkRd: (-1) EpiIndicators.Rd:32-33: Lost braces in \itemize; meant \describe ? checkRd: (-1) EpiIndicators.Rd:34-36: Lost braces in \itemize; meant \describe ? checkRd: (-1) EpiIndicators.Rd:44: Lost braces in \itemize; \value handles \item{}{} directly checkRd: (-1) EpiIndicators.Rd:46: Lost braces in \itemize; \value handles \item{}{} directly checkRd: (-1) EpiIndicators.Rd:48: Lost braces in \itemize; \value handles \item{}{} directly checkRd: (-1) EpiIndicators.Rd:50: Lost braces in \itemize; \value handles \item{}{} directly checkRd: (-1) EpiIndicators.Rd:52: Lost braces in \itemize; \value handles \item{}{} directly checkRd: (-1) EpiIndicators.Rd:54: Lost braces in \itemize; \value handles \item{}{} directly checkRd: (-1) EpiIndicators.Rd:56: Lost braces in \itemize; \value handles \item{}{} directly checkRd: (-1) EpiInvert.Rd:33-35: Lost braces in \itemize; meant \describe ? checkRd: (-1) EpiInvert.Rd:36-38: Lost braces in \itemize; meant \describe ? checkRd: (-1) EpiInvert.Rd:39-41: Lost braces in \itemize; meant \describe ? checkRd: (-1) EpiInvert.Rd:42-44: Lost braces in \itemize; meant \describe ? checkRd: (-1) EpiInvert.Rd:45-47: Lost braces in \itemize; meant \describe ? checkRd: (-1) EpiInvert.Rd:48-50: Lost braces in \itemize; meant \describe ? checkRd: (-1) EpiInvert.Rd:51-52: Lost braces in \itemize; meant \describe ? checkRd: (-1) EpiInvert.Rd:53-54: Lost braces in \itemize; meant \describe ? checkRd: (-1) EpiInvert.Rd:55-57: Lost braces in \itemize; meant \describe ? checkRd: (-1) EpiInvert.Rd:58-59: Lost braces in \itemize; meant \describe ? checkRd: (-1) EpiInvert.Rd:68-69: Lost braces in \itemize; \value handles \item{}{} directly checkRd: (-1) EpiInvert.Rd:71: Lost braces in \itemize; \value handles \item{}{} directly checkRd: (-1) EpiInvert.Rd:73-74: Lost braces in \itemize; \value handles \item{}{} directly checkRd: (-1) EpiInvert.Rd:76-77: Lost braces in \itemize; \value handles \item{}{} directly checkRd: (-1) EpiInvert.Rd:79-80: Lost braces in \itemize; \value handles \item{}{} directly checkRd: (-1) EpiInvert.Rd:82-84: Lost braces in \itemize; \value handles \item{}{} directly checkRd: (-1) EpiInvert.Rd:86: Lost braces in \itemize; \value handles \item{}{} directly checkRd: (-1) EpiInvert.Rd:88: Lost braces in \itemize; \value handles \item{}{} directly checkRd: (-1) EpiInvert.Rd:90-91: Lost braces in \itemize; \value handles \item{}{} directly checkRd: (-1) EpiInvert.Rd:93-94: Lost braces in \itemize; \value handles \item{}{} directly checkRd: (-1) EpiInvert.Rd:96-97: Lost braces in \itemize; \value handles \item{}{} directly checkRd: (-1) EpiInvert.Rd:99-100: Lost braces in \itemize; \value handles \item{}{} directly checkRd: (-1) EpiInvert.Rd:102-103: Lost braces in \itemize; \value handles \item{}{} directly checkRd: (-1) EpiInvertForecast.Rd:47: Lost braces in \itemize; \value handles \item{}{} directly checkRd: (-1) EpiInvertForecast.Rd:49-50: Lost braces in \itemize; \value handles \item{}{} directly checkRd: (-1) EpiInvertForecast.Rd:52-53: Lost braces in \itemize; \value handles \item{}{} directly checkRd: (-1) EpiInvertForecast.Rd:55-58: Lost braces in \itemize; \value handles \item{}{} directly checkRd: (-1) EpiInvertForecast.Rd:60-63: Lost braces in \itemize; \value handles \item{}{} directly checkRd: (-1) EpiInvertForecast.Rd:65-68: Lost braces in \itemize; \value handles \item{}{} directly checkRd: (-1) EpiInvertForecast.Rd:70-73: Lost braces in \itemize; \value handles \item{}{} directly checkRd: (-1) EpiInvert_plot.Rd:20: Lost braces in \itemize; meant \describe ? checkRd: (-1) EpiInvert_plot.Rd:21: Lost braces in \itemize; meant \describe ? checkRd: (-1) EpiInvert_plot.Rd:22: Lost braces in \itemize; meant \describe ? checkRd: (-1) EpiInvert_plot.Rd:23: Lost braces in \itemize; meant \describe ? checkRd: (-1) joint_indicators_by_date.Rd:23: Lost braces in \itemize; \value handles \item{}{} directly checkRd: (-1) joint_indicators_by_date.Rd:25-26: Lost braces in \itemize; \value handles \item{}{} directly checkRd: (-1) joint_indicators_by_date.Rd:28-29: Lost braces in \itemize; \value handles \item{}{} directly Flavors: r-devel-linux-x86_64-debian-clang, r-devel-linux-x86_64-debian-gcc, r-devel-linux-x86_64-fedora-clang, r-devel-linux-x86_64-fedora-gcc, r-devel-windows-x86_64, r-patched-linux-x86_64, r-release-linux-x86_64, r-release-macos-arm64, r-release-macos-x86_64, r-release-windows-x86_64

Version: 0.3.1
Check: installed package size
Result: NOTE installed size is 6.1Mb sub-directories of 1Mb or more: data 3.2Mb libs 2.8Mb Flavors: r-release-macos-arm64, r-release-macos-x86_64, r-oldrel-macos-arm64, r-oldrel-macos-x86_64