CRAN Package Check Results for Package Epi

Last updated on 2024-06-13 04:52:23 CEST.

Flavor Version Tinstall Tcheck Ttotal Status Flags
r-devel-linux-x86_64-debian-clang 2.50 27.38 543.89 571.27 OK
r-devel-linux-x86_64-debian-gcc 2.50 0.83 1.72 2.55 ERROR
r-devel-linux-x86_64-fedora-clang 2.50 593.79 OK
r-devel-linux-x86_64-fedora-gcc 2.51 638.69 OK
r-devel-windows-x86_64 2.51 5.00 3.00 8.00 ERROR --no-vignettes
r-patched-linux-x86_64 2.50 29.44 523.88 553.32 OK
r-release-linux-x86_64 2.50 29.16 509.54 538.70 OK
r-release-macos-arm64 2.50 238.00 OK
r-release-macos-x86_64 2.51 701.00 OK
r-release-windows-x86_64 2.50 28.00 236.00 264.00 OK --no-vignettes
r-oldrel-macos-arm64 2.50 403.00 OK
r-oldrel-macos-x86_64 2.50 917.00 OK
r-oldrel-windows-x86_64 2.50 34.00 261.00 295.00 OK --no-vignettes

Check Details

Version: 2.50
Check: package dependencies
Result: ERROR Package required but not available: ‘dplyr’ Packages suggested but not available for checking: 'lme4', 'demography', 'popEpi', 'tidyr' See section ‘The DESCRIPTION file’ in the ‘Writing R Extensions’ manual. Flavor: r-devel-linux-x86_64-debian-gcc

Version: 2.51
Flags: --no-vignettes
Check: whether package can be installed
Result: ERROR Installation failed. Flavor: r-devel-windows-x86_64