CRAN Package Check Results for Package EmiR

Last updated on 2024-07-23 04:57:36 CEST.

Flavor Version Tinstall Tcheck Ttotal Status Flags
r-devel-linux-x86_64-debian-clang 1.0.4 240.67 44.94 285.61 NOTE
r-devel-linux-x86_64-debian-gcc 1.0.4 176.74 34.14 210.88 NOTE
r-devel-linux-x86_64-fedora-clang 1.0.4 760.86 NOTE
r-devel-linux-x86_64-fedora-gcc 1.0.4 509.97 NOTE
r-devel-windows-x86_64 1.0.4 230.00 83.00 313.00 NOTE
r-patched-linux-x86_64 1.0.4 320.75 43.67 364.42 NOTE
r-release-linux-x86_64 1.0.4 173.15 43.81 216.96 NOTE
r-release-macos-arm64 1.0.4 119.00 NOTE
r-release-macos-x86_64 1.0.4 95.00 NOTE
r-release-windows-x86_64 1.0.4 310.00 79.00 389.00 NOTE
r-oldrel-macos-arm64 1.0.4 146.00 NOTE
r-oldrel-macos-x86_64 1.0.4 250.00 NOTE
r-oldrel-windows-x86_64 1.0.4 258.00 95.00 353.00 NOTE

Check Details

Version: 1.0.4
Check: C++ specification
Result: NOTE Specified C++11: please drop specification unless essential Flavors: r-devel-linux-x86_64-debian-clang, r-devel-linux-x86_64-debian-gcc, r-devel-linux-x86_64-fedora-clang, r-devel-linux-x86_64-fedora-gcc, r-devel-windows-x86_64, r-patched-linux-x86_64, r-release-linux-x86_64, r-release-macos-arm64, r-release-macos-x86_64, r-release-windows-x86_64, r-oldrel-macos-arm64, r-oldrel-macos-x86_64, r-oldrel-windows-x86_64

Version: 1.0.4
Check: Rd files
Result: NOTE checkRd: (-1) minimize.Rd:22: Lost braces in \itemize; meant \describe ? checkRd: (-1) minimize.Rd:23: Lost braces in \itemize; meant \describe ? checkRd: (-1) minimize.Rd:24: Lost braces in \itemize; meant \describe ? checkRd: (-1) minimize.Rd:25: Lost braces in \itemize; meant \describe ? checkRd: (-1) minimize.Rd:26: Lost braces in \itemize; meant \describe ? checkRd: (-1) minimize.Rd:27: Lost braces in \itemize; meant \describe ? checkRd: (-1) minimize.Rd:28: Lost braces in \itemize; meant \describe ? checkRd: (-1) minimize.Rd:29: Lost braces in \itemize; meant \describe ? checkRd: (-1) minimize.Rd:30: Lost braces in \itemize; meant \describe ? checkRd: (-1) minimize.Rd:31: Lost braces in \itemize; meant \describe ? checkRd: (-1) minimize.Rd:32: Lost braces in \itemize; meant \describe ? checkRd: (-1) minimize.Rd:33: Lost braces in \itemize; meant \describe ? Flavors: r-devel-linux-x86_64-debian-clang, r-devel-linux-x86_64-debian-gcc, r-devel-linux-x86_64-fedora-clang, r-devel-linux-x86_64-fedora-gcc, r-devel-windows-x86_64, r-patched-linux-x86_64, r-release-linux-x86_64, r-release-macos-arm64, r-release-macos-x86_64, r-release-windows-x86_64

Version: 1.0.4
Check: installed package size
Result: NOTE installed size is 8.9Mb sub-directories of 1Mb or more: libs 8.5Mb Flavors: r-release-macos-arm64, r-release-macos-x86_64, r-oldrel-macos-arm64, r-oldrel-macos-x86_64