CRAN Package Check Results for Package DistatisR

Last updated on 2024-06-21 16:55:56 CEST.

Flavor Version Tinstall Tcheck Ttotal Status Flags
r-devel-linux-x86_64-debian-clang 1.1.1 11.40 114.06 125.46 NOTE
r-devel-linux-x86_64-debian-gcc 1.1.1 9.45 82.95 92.40 NOTE
r-devel-linux-x86_64-fedora-clang 1.1.1 156.87 NOTE
r-devel-linux-x86_64-fedora-gcc 1.1.1 146.75 NOTE
r-devel-windows-x86_64 1.1.1 13.00 108.00 121.00 NOTE
r-patched-linux-x86_64 1.1.1 23.10 110.98 134.08 NOTE
r-release-linux-x86_64 1.1.1 10.47 110.81 121.28 NOTE
r-release-macos-arm64 1.1.1 43.00 NOTE
r-release-macos-x86_64 1.1.1 63.00 NOTE
r-release-windows-x86_64 1.1.1 12.00 6.00 18.00 FAIL
r-oldrel-macos-arm64 1.1.1 46.00 OK
r-oldrel-macos-x86_64 1.1.1 78.00 OK
r-oldrel-windows-x86_64 1.1.1 15.00 134.00 149.00 OK

Check Details

Version: 1.1.1
Check: Rd files
Result: NOTE checkRd: (-1) GraphDistatisRv.Rd:36: Lost braces 36 | If code{NULL} (default), these are | ^ checkRd: (-1) WinesRankingRawData.Rd:22: Lost braces; missing escapes or markup? 22 | of the general composition {w/m}{a/f}{01 : 80}. | ^ checkRd: (-1) WinesRankingRawData.Rd:22: Lost braces 22 | of the general composition {w/m}{a/f}{01 : 80}. | ^ checkRd: (-1) WinesRankingRawData.Rd:22: Lost braces 22 | of the general composition {w/m}{a/f}{01 : 80}. | ^ checkRd: (-1) amariSorting.Rd:44: Lost braces; missing escapes or markup? 44 | {m/f} give the gender of the assessors (male versus female), | ^ checkRd: (-1) computePartial4Groups.Rd:23-24: Lost braces in \itemize; \value handles \item{}{} directly checkRd: (-1) computePartial4Groups.Rd:25-26: Lost braces in \itemize; \value handles \item{}{} directly checkRd: (-1) createCubeOfCovDis.Rd:31: Lost braces 31 | and 2) code{cubeOfDistance} | ^ checkRd: (-1) list2CubeOfCovDis.Rd:37: Lost braces 37 | and 2) code{cubeOfDistance} | ^ checkRd: (-1) print.F4voc.Rd:12: Lost braces; missing escapes or markup? 12 | \item{x}{a list: the data set: {str_BeersProjectiveMapping}} | ^ checkRd: (-1) print.cubeOfCovDis.Rd:10: Lost braces; missing escapes or markup? 10 | \item{x}{a list objects of the class {cubeOfCovDis}} | ^ checkRd: (-1) print.dataAmari.Rd:11: Lost braces; missing escapes or markup? 11 | \item{x}{a list: the data set from {amariSorting}} | ^ checkRd: (-1) print.dataSortingSpices.Rd:11: Lost braces; missing escapes or markup? 11 | \item{x}{a list: the data set: {sortingSpices}} | ^ checkRd: (-1) print.dataSortingWines.Rd:11: Lost braces; missing escapes or markup? 11 | \item{x}{a list: the data set: {sortingWines}} | ^ checkRd: (-1) print.str_BeersProjectiveMapping.Rd:11: Lost braces; missing escapes or markup? 11 | \item{x}{a list: the data set: {str_BeersProjectiveMapping}} | ^ Flavors: r-devel-linux-x86_64-debian-clang, r-devel-linux-x86_64-debian-gcc, r-devel-linux-x86_64-fedora-clang, r-devel-linux-x86_64-fedora-gcc, r-devel-windows-x86_64, r-patched-linux-x86_64, r-release-linux-x86_64, r-release-macos-arm64, r-release-macos-x86_64

Version: 1.1.1
Check: data for non-ASCII characters
Result: NOTE Note: found 12 marked UTF-8 strings Flavors: r-devel-linux-x86_64-fedora-clang, r-devel-linux-x86_64-fedora-gcc

Version: 1.1.1
Check: package dependencies
Result: FAIL
Flavor: r-release-windows-x86_64