CRAN Package Check Results for Package DirectEffects

Last updated on 2024-07-15 16:56:19 CEST.

Flavor Version Tinstall Tcheck Ttotal Status Flags
r-devel-linux-x86_64-debian-clang 0.2.1 3.15 52.83 55.98 OK
r-devel-linux-x86_64-debian-gcc 0.2.1 2.28 39.92 42.20 OK
r-devel-linux-x86_64-fedora-clang 0.2.1 72.22 NOTE
r-devel-linux-x86_64-fedora-gcc 0.2.1 79.16 NOTE
r-devel-windows-x86_64 0.2.1 4.00 68.00 72.00 OK
r-patched-linux-x86_64 0.2.1 3.16 51.47 54.63 OK
r-release-linux-x86_64 0.2.1 2.77 51.17 53.94 OK
r-release-macos-arm64 0.2.1 29.00 OK
r-release-macos-x86_64 0.2.1 46.00 OK
r-release-windows-x86_64 0.2.1 4.00 68.00 72.00 OK
r-oldrel-macos-arm64 0.2.1 32.00 OK
r-oldrel-macos-x86_64 0.2.1 47.00 OK
r-oldrel-windows-x86_64 0.2.1 4.00 72.00 76.00 OK

Check Details

Version: 0.2.1
Check: dependencies in R code
Result: NOTE Namespace in Imports field not imported from: ‘sandwich’ All declared Imports should be used. Flavors: r-devel-linux-x86_64-fedora-clang, r-devel-linux-x86_64-fedora-gcc